{"id":118216,"date":"2025-09-21T18:03:26","date_gmt":"2025-09-21T16:03:26","guid":{"rendered":"https:\/\/www.orto-bar.com\/?post_type=product&#038;p=118216"},"modified":"2026-04-17T07:26:08","modified_gmt":"2026-04-17T05:26:08","slug":"ac-dc-cover-band","status":"publish","type":"product","link":"https:\/\/www.orto-bar.com\/en\/dogodki\/koncerti\/ac-dc-cover-band\/","title":{"rendered":"AC\/DC cover band"},"content":{"rendered":"<p>Za\u010detki grmenja po odrih segajo v leto 2003. Band je bil ustanovljen iz \u010distega spo\u0161tovanja in veselja<\/p>\n<p>do skupine AC\/DC.<\/p>\n<p>Ustanovna \u010dlana Peter Pero P. in Tomo D. sta tedaj k sodelovanju povabila \u0161e \u010culeta iz Sausages in<\/p>\n<p>Toma\u017ea V. na bassu. Zaradi prevelike oddaljenost je bil le za kratko obdobje na vokalu Jan\u010d. Skozi leta<\/p>\n<p>se je postava nekajkrat spremenila.<\/p>\n<p>\u017de dobrih 15 let AC\/DC cover band sestavljajo Davor na vokalu, Edo na solo kitari, David na ritem<\/p>\n<p>kitari in Martin na bassu. Na bobnih je Miho N. zamenjal ustanovni \u010dlan Peter Pero P.<\/p>\n<p>Ker si dvometrskega Angusa ne moremo predstavljati, smo se odlo\u010dili, da se ne gremo opona\u0161evalce,<\/p>\n<p>temve\u010d od vedno delamo na dobrem zvoku in izvedbi. V 23-ih letih delovanja smo nanizali preko 700<\/p>\n<p>koncertov \u0161irom Slovenije, \u017ee ve\u010dkrat pa smo nastopali v Italiji, Avstriji in na Hrva\u0161kem.<\/p>","protected":false},"excerpt":{"rendered":"<p>Za\u010detki grmenja po odrih segajo v leto 2003. Band je bil ustanovljen iz \u010distega spo\u0161tovanja in veselja do skupine AC\/DC. Ustanovna \u010dlana Peter Pero P. in Tomo D. sta tedaj k sodelovanju povabila \u0161e \u010culeta iz Sausages in Toma\u017ea V. na bassu. Zaradi prevelike oddaljenost je bil le za kratko obdobje na vokalu Jan\u010d. Skozi [&hellip;]<\/p>","protected":false},"author":11,"featured_media":118540,"template":"","meta":{"_seopress_robots_primary_cat":"none","_seopress_titles_title":"","_seopress_titles_desc":"","_seopress_robots_index":""},"product_brand":[],"product_cat":[226],"product_tag":[222],"class_list":{"0":"post-118216","1":"product","2":"type-product","3":"status-publish","4":"has-post-thumbnail","6":"product_cat-koncerti","7":"product_tag-predprodaja","9":"entry","10":"has-media","12":"first","13":"instock","14":"sale","15":"virtual","16":"taxable","17":"purchasable","18":"product-type-simple","19":"has-product-nav","20":"col","21":"span_1_of_4","22":"owp-content-center","23":"item-entry","24":"owp-thumbs-layout-horizontal","25":"owp-btn-normal","26":"owp-tabs-layout-section","27":"has-no-thumbnails"},"publishpress_future_action":{"enabled":true,"date":"2026-05-31 01:51:00","action":"category","newStatus":"draft","terms":[230],"taxonomy":"product_cat","extraData":[]},"publishpress_future_workflow_manual_trigger":{"enabledWorkflows":[]},"_links":{"self":[{"href":"https:\/\/www.orto-bar.com\/en\/wp-json\/wp\/v2\/product\/118216","targetHints":{"allow":["GET"]}}],"collection":[{"href":"https:\/\/www.orto-bar.com\/en\/wp-json\/wp\/v2\/product"}],"about":[{"href":"https:\/\/www.orto-bar.com\/en\/wp-json\/wp\/v2\/types\/product"}],"author":[{"embeddable":true,"href":"https:\/\/www.orto-bar.com\/en\/wp-json\/wp\/v2\/users\/11"}],"version-history":[{"count":0,"href":"https:\/\/www.orto-bar.com\/en\/wp-json\/wp\/v2\/product\/118216\/revisions"}],"wp:featuredmedia":[{"embeddable":true,"href":"https:\/\/www.orto-bar.com\/en\/wp-json\/wp\/v2\/media\/118540"}],"wp:attachment":[{"href":"https:\/\/www.orto-bar.com\/en\/wp-json\/wp\/v2\/media?parent=118216"}],"wp:term":[{"taxonomy":"product_brand","embeddable":true,"href":"https:\/\/www.orto-bar.com\/en\/wp-json\/wp\/v2\/product_brand?post=118216"},{"taxonomy":"product_cat","embeddable":true,"href":"https:\/\/www.orto-bar.com\/en\/wp-json\/wp\/v2\/product_cat?post=118216"},{"taxonomy":"product_tag","embeddable":true,"href":"https:\/\/www.orto-bar.com\/en\/wp-json\/wp\/v2\/product_tag?post=118216"}],"curies":[{"name":"wp","href":"https:\/\/api.w.org\/{rel}","templated":true}]}}

<p>Začetki grmenja po odrih segajo v leto 2003. Band je bil ustanovljen iz čistega spoštovanja in veselja</p>
<p>do skupine AC/DC.</p>
<p>Ustanovna člana Peter Pero P. in Tomo D. sta tedaj k sodelovanju povabila še Čuleta iz Sausages in</p>
<p>Tomaža V. na bassu. Zaradi prevelike oddaljenost je bil le za kratko obdobje na vokalu Janč. Skozi leta</p>
<p>se je postava nekajkrat spremenila.</p>
<p>Že dobrih 15 let AC/DC cover band sestavljajo Davor na vokalu, Edo na solo kitari, David na ritem</p>
<p>kitari in Martin na bassu. Na bobnih je Miho N. zamenjal ustanovni član Peter Pero P.</p>
<p>Ker si dvometrskega Angusa ne moremo predstavljati, smo se odločili, da se ne gremo oponaševalce,</p>
<p>temveč od vedno delamo na dobrem zvoku in izvedbi. V 23-ih letih delovanja smo nanizali preko 700</p>
<p>koncertov širom Slovenije, že večkrat pa smo nastopali v Italiji, Avstriji in na Hrvaškem.</p>

<p>Začetki grmenja po odrih segajo v leto 2003. Band je bil ustanovljen iz čistega spoštovanja in veselja do skupine AC/DC. Ustanovna člana Peter Pero P. in Tomo D. sta tedaj k sodelovanju povabila še Čuleta iz Sausages in Tomaža V. na bassu. Zaradi prevelike oddaljenost je bil le za kratko obdobje na vokalu Janč. Skozi [&hellip;]</p>
