{"id":137748,"date":"2026-02-17T13:10:12","date_gmt":"2026-02-17T12:10:12","guid":{"rendered":"https:\/\/www.orto-bar.com\/?post_type=product&#038;p=137748"},"modified":"2026-02-17T13:17:20","modified_gmt":"2026-02-17T12:17:20","slug":"the-white-tape-pearl-jam-tribute-band","status":"publish","type":"product","link":"https:\/\/www.orto-bar.com\/en\/dogodki\/koncerti\/the-white-tape-pearl-jam-tribute-band\/","title":{"rendered":"THE WHITE TAPE- Pearl Jam Tribute Band"},"content":{"rendered":"<p>THE WHITE TAPE- Pearl Jam Tribute Band<\/p>\n<p>&nbsp;<\/p>\n<p>Skrbno in natan\u010dno reproducira zvok seattelske skupine, pri \u010demer se vra\u010da k njihovim glavnim uspe\u0161nicam iz zgodnjih 90. let in raziskuje zna\u010dilen zvok in vzdu\u0161je ameri\u0161ke skupine.<br \/>\nEdina evropska skupina, skupaj z 10 drugimi tribute skupinami Pearl Jam z vsega sveta, je sodelovala na posnetku albuma &#8220;TEN TRIBUTE&#8221;, ki ga je 29. avgusta 2021 na spletu objavila seattelska revija GRUNGE &#8216;ZINE.<br \/>\nVe\u010dkrat omenjena kot vir umetni\u0161kega navdiha s strani BLACK CIRCLE, svetovne tribute skupine, ki jo prepoznavajo tudi sami PEARL JAM.<br \/>\nOd leta 2018 ve\u010d kot 200 koncertov po Evropi, dve uri glasbene energije in strasti.<\/p>\n<p>Vokalist Nico Vento (ustanovitelj in vodja skupine)<br \/>\nKitara Francesco Nicole<br \/>\nKitara Isaia Marcolongo<br \/>\nBas Stefano Benini<br \/>\nBobni David Lee Vanni<\/p>\n<p>&nbsp;<\/p>\n<p>&nbsp;<\/p>\n<p>&nbsp;<\/p>\n<p>Carefully and meticulously reproduces the Seattle band&#8217;s sound, retracing their major hits from the early &#8217;90s, exploring the distinctive sound and atmosphere of the American band.<\/p>\n<p>The only European band, along with 10 other Pearl Jam tribute bands from around the world, featured on the recording of &#8220;TEN TRIBUTE,&#8221; published online by Seattle&#8217;s GRUNGE &#8216;ZINE on August 29, 2021.<\/p>\n<p>Mentioned several times as a source of artistic inspiration by BLACK CIRCLE, a worldwide tribute band recognized by PEARL JAM themselves.<\/p>\n<p>From 2018 over 200 gigs around Europe, two hours of music energy &amp; passion.<\/p>\n<p>&nbsp;<\/p>\n<p><strong>Nico Vento<\/strong> vocalist (founder &amp; band manager)<\/p>\n<p><strong>Francesco Nicole\u2019<\/strong> guitars<\/p>\n<p><strong>Isaia Marcolongo<\/strong> guitars<\/p>\n<p><strong>Stefano Benini<\/strong> bass<\/p>\n<p><strong>David Lee Vanni<\/strong> drums<\/p>\n<p>&nbsp;<\/p>\n<p><strong>FRIDAY 25.09.2026 @ ORTO BAR \u2013 Lubjana (SLO)<\/strong><\/p>\n<p><a href=\"http:\/\/www.twtpearljamtribute.com\"><strong>www.twtpearljamtribute.com<\/strong><\/a><\/p>","protected":false},"excerpt":{"rendered":"<p>THE WHITE TAPE- Pearl Jam Tribute Band &nbsp; Skrbno in natan\u010dno reproducira zvok seattelske skupine, pri \u010demer se vra\u010da k njihovim glavnim uspe\u0161nicam iz zgodnjih 90. let in raziskuje zna\u010dilen zvok in vzdu\u0161je ameri\u0161ke skupine. Edina evropska skupina, skupaj z 10 drugimi tribute skupinami Pearl Jam z vsega sveta, je sodelovala na posnetku albuma &#8220;TEN [&hellip;]<\/p>","protected":false},"author":11,"featured_media":137750,"template":"","meta":{"_seopress_robots_primary_cat":"none","_seopress_titles_title":"","_seopress_titles_desc":"","_seopress_robots_index":""},"product_brand":[],"product_cat":[226],"product_tag":[222],"class_list":{"0":"post-137748","1":"product","2":"type-product","3":"status-publish","4":"has-post-thumbnail","6":"product_cat-koncerti","7":"product_tag-predprodaja","9":"entry","10":"has-media","12":"first","13":"instock","14":"sale","15":"virtual","16":"taxable","17":"purchasable","18":"product-type-simple","19":"has-product-nav","20":"col","21":"span_1_of_4","22":"owp-content-center","23":"item-entry","24":"owp-thumbs-layout-horizontal","25":"owp-btn-normal","26":"owp-tabs-layout-section","27":"has-no-thumbnails"},"publishpress_future_action":{"enabled":true,"date":"2026-09-26 01:10:00","action":"category","newStatus":"draft","terms":[230],"taxonomy":"product_cat","extraData":[]},"publishpress_future_workflow_manual_trigger":{"enabledWorkflows":[]},"_links":{"self":[{"href":"https:\/\/www.orto-bar.com\/en\/wp-json\/wp\/v2\/product\/137748","targetHints":{"allow":["GET"]}}],"collection":[{"href":"https:\/\/www.orto-bar.com\/en\/wp-json\/wp\/v2\/product"}],"about":[{"href":"https:\/\/www.orto-bar.com\/en\/wp-json\/wp\/v2\/types\/product"}],"author":[{"embeddable":true,"href":"https:\/\/www.orto-bar.com\/en\/wp-json\/wp\/v2\/users\/11"}],"version-history":[{"count":0,"href":"https:\/\/www.orto-bar.com\/en\/wp-json\/wp\/v2\/product\/137748\/revisions"}],"wp:featuredmedia":[{"embeddable":true,"href":"https:\/\/www.orto-bar.com\/en\/wp-json\/wp\/v2\/media\/137750"}],"wp:attachment":[{"href":"https:\/\/www.orto-bar.com\/en\/wp-json\/wp\/v2\/media?parent=137748"}],"wp:term":[{"taxonomy":"product_brand","embeddable":true,"href":"https:\/\/www.orto-bar.com\/en\/wp-json\/wp\/v2\/product_brand?post=137748"},{"taxonomy":"product_cat","embeddable":true,"href":"https:\/\/www.orto-bar.com\/en\/wp-json\/wp\/v2\/product_cat?post=137748"},{"taxonomy":"product_tag","embeddable":true,"href":"https:\/\/www.orto-bar.com\/en\/wp-json\/wp\/v2\/product_tag?post=137748"}],"curies":[{"name":"wp","href":"https:\/\/api.w.org\/{rel}","templated":true}]}}

<p>THE WHITE TAPE- Pearl Jam Tribute Band</p>
<p>&nbsp;</p>
<p>Skrbno in natančno reproducira zvok seattelske skupine, pri čemer se vrača k njihovim glavnim uspešnicam iz zgodnjih 90. let in raziskuje značilen zvok in vzdušje ameriške skupine.<br />
Edina evropska skupina, skupaj z 10 drugimi tribute skupinami Pearl Jam z vsega sveta, je sodelovala na posnetku albuma &#8220;TEN TRIBUTE&#8221;, ki ga je 29. avgusta 2021 na spletu objavila seattelska revija GRUNGE &#8216;ZINE.<br />
Večkrat omenjena kot vir umetniškega navdiha s strani BLACK CIRCLE, svetovne tribute skupine, ki jo prepoznavajo tudi sami PEARL JAM.<br />
Od leta 2018 več kot 200 koncertov po Evropi, dve uri glasbene energije in strasti.</p>
<p>Vokalist Nico Vento (ustanovitelj in vodja skupine)<br />
Kitara Francesco Nicole<br />
Kitara Isaia Marcolongo<br />
Bas Stefano Benini<br />
Bobni David Lee Vanni</p>
<p>&nbsp;</p>
<p>&nbsp;</p>
<p>&nbsp;</p>
<p>Carefully and meticulously reproduces the Seattle band&#8217;s sound, retracing their major hits from the early &#8217;90s, exploring the distinctive sound and atmosphere of the American band.</p>
<p>The only European band, along with 10 other Pearl Jam tribute bands from around the world, featured on the recording of &#8220;TEN TRIBUTE,&#8221; published online by Seattle&#8217;s GRUNGE &#8216;ZINE on August 29, 2021.</p>
<p>Mentioned several times as a source of artistic inspiration by BLACK CIRCLE, a worldwide tribute band recognized by PEARL JAM themselves.</p>
<p>From 2018 over 200 gigs around Europe, two hours of music energy &amp; passion.</p>
<p>&nbsp;</p>
<p><strong>Nico Vento</strong> vocalist (founder &amp; band manager)</p>
<p><strong>Francesco Nicole’</strong> guitars</p>
<p><strong>Isaia Marcolongo</strong> guitars</p>
<p><strong>Stefano Benini</strong> bass</p>
<p><strong>David Lee Vanni</strong> drums</p>
<p>&nbsp;</p>
<p><strong>FRIDAY 25.09.2026 @ ORTO BAR – Lubjana (SLO)</strong></p>
<p><a href="http://www.twtpearljamtribute.com"><strong>www.twtpearljamtribute.com</strong></a></p>

<p>THE WHITE TAPE- Pearl Jam Tribute Band &nbsp; Skrbno in natančno reproducira zvok seattelske skupine, pri čemer se vrača k njihovim glavnim uspešnicam iz zgodnjih 90. let in raziskuje značilen zvok in vzdušje ameriške skupine. Edina evropska skupina, skupaj z 10 drugimi tribute skupinami Pearl Jam z vsega sveta, je sodelovala na posnetku albuma &#8220;TEN [&hellip;]</p>
