{"id":23061,"date":"2022-09-28T10:55:14","date_gmt":"2022-09-28T10:55:14","guid":{"rendered":"https:\/\/www.ivh9.si\/Ponudbe\/ciuha\/?post_type=product&#038;p=23061"},"modified":"2022-11-18T16:27:24","modified_gmt":"2022-11-18T16:27:24","slug":"vatra-hr","status":"publish","type":"product","link":"https:\/\/www.orto-bar.com\/en\/dogodki\/arhiv\/vatra-hr\/","title":{"rendered":"Vatra (HR)"},"content":{"rendered":"<p>Skupina Vatra s frontmanom in avtorjem Ivanom De\u010dakom je na Hrva\u0161kem<br \/>\ndosegla malodane kultni status. Do leto\u0161njega leta so objavili \u017ee deset<br \/>\nalbumov, osvojili \u0161tevilne nagrade Porin, v pripravi pa je \u017ee enajsti studijski<br \/>\nalbum. Njihove pesmi so zelo dobro poznane hrva\u0161ki javnosti, dobro pa jih<br \/>\npoznajo tudi ljubitelji slovenske glasbe.<\/p>\n<p>Vatra je na hrva\u0161kih tleh dosegla vse stopni\u010dke \u2013 igrali so v<br \/>\nmanj\u0161ih in ve\u010djih klubih, za njimi so mnogi razprodani in uspe\u0161ni koncerti,<br \/>\nso nosilci uspe\u0161nih hitov. Sedaj pa \u017eelijo osvojiti tudi publiko v Sloveniji.<\/p>\n<p>Nazadnje so v Ljubljani nastopili leta 2018, v Hali Tivoli, kot gostje skupine<br \/>\nBajaga &amp; Instruktori, za seboj pa imajo tudi uspe\u0161ne nastope na Trnfestu ter med<br \/>\nslovenskim ob\u010dinstvom zelo dobro sprejet koncert v okviru Orto festa.<\/p>\n<p>Vstopnice :<\/p>\n<p><a href=\"https:\/\/www.eventim.si\/si\/vstopnice\/vatra-ljubljana-orto-bar-593068\/event.html?mc_cid=0125aacd82&amp;mc_eid=a6bb91d4fb\">https:\/\/www.eventim.si\/si\/vstopnice\/vatra-ljubljana-orto-bar-593068\/event.html?mc_cid=0125aacd82&amp;mc_eid=a6bb91d4fb<\/a><\/p>\n<p><strong>Vstopnina 15 \u20ac\u00a0<\/strong><\/p>","protected":false},"excerpt":{"rendered":"<p>Skupina Vatra s frontmanom in avtorjem Ivanom De\u010dakom je na Hrva\u0161kem dosegla malodane kultni status. Do leto\u0161njega leta so objavili \u017ee deset albumov, osvojili \u0161tevilne nagrade Porin, v pripravi pa je \u017ee enajsti studijski album. Njihove pesmi so zelo dobro poznane hrva\u0161ki javnosti, dobro pa jih poznajo tudi ljubitelji slovenske glasbe. Vatra je na hrva\u0161kih [&hellip;]<\/p>","protected":false},"author":11,"featured_media":23062,"template":"","meta":{"_seopress_robots_primary_cat":"none","_seopress_titles_title":"","_seopress_titles_desc":"","_seopress_robots_index":""},"product_brand":[],"product_cat":[230],"product_tag":[222],"class_list":{"0":"post-23061","1":"product","2":"type-product","3":"status-publish","4":"has-post-thumbnail","6":"product_cat-arhiv","7":"product_tag-predprodaja","9":"entry","10":"has-media","12":"first","13":"onbackorder","14":"virtual","15":"taxable","16":"product-type-simple","17":"has-product-nav","18":"col","19":"span_1_of_4","20":"owp-content-center","21":"item-entry","22":"owp-thumbs-layout-horizontal","23":"owp-btn-normal","24":"owp-tabs-layout-section","25":"has-no-thumbnails"},"publishpress_future_action":{"enabled":false,"date":"2026-05-08 08:04:59","action":"change-status","newStatus":"draft","terms":[],"taxonomy":"product_cat","extraData":[]},"publishpress_future_workflow_manual_trigger":{"enabledWorkflows":[]},"_links":{"self":[{"href":"https:\/\/www.orto-bar.com\/en\/wp-json\/wp\/v2\/product\/23061","targetHints":{"allow":["GET"]}}],"collection":[{"href":"https:\/\/www.orto-bar.com\/en\/wp-json\/wp\/v2\/product"}],"about":[{"href":"https:\/\/www.orto-bar.com\/en\/wp-json\/wp\/v2\/types\/product"}],"author":[{"embeddable":true,"href":"https:\/\/www.orto-bar.com\/en\/wp-json\/wp\/v2\/users\/11"}],"version-history":[{"count":0,"href":"https:\/\/www.orto-bar.com\/en\/wp-json\/wp\/v2\/product\/23061\/revisions"}],"wp:featuredmedia":[{"embeddable":true,"href":"https:\/\/www.orto-bar.com\/en\/wp-json\/wp\/v2\/media\/23062"}],"wp:attachment":[{"href":"https:\/\/www.orto-bar.com\/en\/wp-json\/wp\/v2\/media?parent=23061"}],"wp:term":[{"taxonomy":"product_brand","embeddable":true,"href":"https:\/\/www.orto-bar.com\/en\/wp-json\/wp\/v2\/product_brand?post=23061"},{"taxonomy":"product_cat","embeddable":true,"href":"https:\/\/www.orto-bar.com\/en\/wp-json\/wp\/v2\/product_cat?post=23061"},{"taxonomy":"product_tag","embeddable":true,"href":"https:\/\/www.orto-bar.com\/en\/wp-json\/wp\/v2\/product_tag?post=23061"}],"curies":[{"name":"wp","href":"https:\/\/api.w.org\/{rel}","templated":true}]}}

<p>Skupina Vatra s frontmanom in avtorjem Ivanom Dečakom je na Hrvaškem<br />
dosegla malodane kultni status. Do letošnjega leta so objavili že deset<br />
albumov, osvojili številne nagrade Porin, v pripravi pa je že enajsti studijski<br />
album. Njihove pesmi so zelo dobro poznane hrvaški javnosti, dobro pa jih<br />
poznajo tudi ljubitelji slovenske glasbe.</p>
<p>Vatra je na hrvaških tleh dosegla vse stopničke – igrali so v<br />
manjših in večjih klubih, za njimi so mnogi razprodani in uspešni koncerti,<br />
so nosilci uspešnih hitov. Sedaj pa želijo osvojiti tudi publiko v Sloveniji.</p>
<p>Nazadnje so v Ljubljani nastopili leta 2018, v Hali Tivoli, kot gostje skupine<br />
Bajaga &amp; Instruktori, za seboj pa imajo tudi uspešne nastope na Trnfestu ter med<br />
slovenskim občinstvom zelo dobro sprejet koncert v okviru Orto festa.</p>
<p>Vstopnice :</p>
<p><a href="https://www.eventim.si/si/vstopnice/vatra-ljubljana-orto-bar-593068/event.html?mc_cid=0125aacd82&amp;mc_eid=a6bb91d4fb">https://www.eventim.si/si/vstopnice/vatra-ljubljana-orto-bar-593068/event.html?mc_cid=0125aacd82&amp;mc_eid=a6bb91d4fb</a></p>
<p><strong>Vstopnina 15 € </strong></p>

<p>Skupina Vatra s frontmanom in avtorjem Ivanom Dečakom je na Hrvaškem dosegla malodane kultni status. Do letošnjega leta so objavili že deset albumov, osvojili številne nagrade Porin, v pripravi pa je že enajsti studijski album. Njihove pesmi so zelo dobro poznane hrvaški javnosti, dobro pa jih poznajo tudi ljubitelji slovenske glasbe. Vatra je na hrvaških [&hellip;]</p>
