{"id":26328,"date":"2023-01-13T12:35:57","date_gmt":"2023-01-13T12:35:57","guid":{"rendered":"https:\/\/www.orto-bar.com\/?post_type=product&#038;p=26328"},"modified":"2023-04-11T17:09:43","modified_gmt":"2023-04-11T16:09:43","slug":"orto-fest-2023-robert-petan-the-rafters","status":"publish","type":"product","link":"https:\/\/www.orto-bar.com\/en\/dogodki\/arhiv\/orto-fest-2023-robert-petan-the-rafters\/","title":{"rendered":"Orto Fest 2023 &#8211; Robert Petan &#038; The Rafters"},"content":{"rendered":"<p>Muskonter si po du\u0161i, po srcu in popoldne\u00ab. Ena od njegovih kantavtorskih skladb gre nekako v smislu \u201dznajdemo se v vsem, v komadih in v skladbah, solze bri\u0161emo\u00a0in na pogrebih in na svatbah, \u0161pilamo za vse, za \u010drne in za blonde, \u010diribiribele in diridiridonde.\u00a0Robert je na odru je \u017ee od svojega dvanajstega leta, igral je tako z simfoni\u010dnimi orkestri kot punk v jedrskih zakloni\u0161\u010dih, od festivalskih do cerkvenih in tudi zidarskih odrov, nekaj let je bil \u010dlan bolj in manj znanih pop zasedb in ustvarjal glasbo za druge glasbenike in pevke. Pravi, da ni nujno isto.<\/p>\n<p>Po ne\u0161teto koncertih nastopih, \u0161pilih, \u010dagah, fe\u0161tah, porokah, pogrebih, slavjih, fantov\u0161\u010dinah in dobesedno vsem, kar pride vmes je stopil v ospredje. Pozneje je za\u010del razkrivati vse, kar so mu leta igranja pustila nekje v malih mo\u017eganih \u2013 s svojimi duhovitimi in odkritimi kantavtorskimi besedili se je leta 2019 udele\u017eil slovenskega kantavtorskega\u00a0festivala Kantfest in prejel zlato kanto, tako od ob\u010dinstva kot tudi od strokovne \u017eirije.<\/p>\n<p>Od takrat je bil gost \u017ee v mnogih radijskih in televizijskih oddajah kot so Prva vrsta, Iz\u0161tekani in podobno. Tu gre omeniti tudi odmeven komad RTV \u2013 Rad Te Volim, ki je zakro\u017eil pred referendumom o RTVju in dodobra nasmejal ogromno ljudi, ki so ga tudi delili.<\/p>\n<p>Sproti pi\u0161e glasbo in besedila tudi za druge izvajalce, nastopa v glasbenih predstavah \u0161irom Slovenije, s Perico Jerkovi\u0107em sta skupaj ustvarila tudi Zbogom korona, mi gremo na dopust \u2013 predstavo z akordi. Poleg tega se ukvarja z glasbeno in video produkcijo, igra na porokah tako kot del dueta\u00a0Maja in Robi\u00a0kot tudi banda\u00a0The Rafters\u00a0in nasploh ustvarja podolgem in po\u010dez.<\/p>\n<p>Njegovi kantavtorski koncerti so res nekaj posebnega, polni posre\u010denih medklicev, duhovitih besedil in pikrega humorja.<\/p>\n<p>&nbsp;<\/p>","protected":false},"excerpt":{"rendered":"<p>Muskonter si po du\u0161i, po srcu in popoldne\u00ab. Ena od njegovih kantavtorskih skladb gre nekako v smislu \u201dznajdemo se v vsem, v komadih in v skladbah, solze bri\u0161emo\u00a0in na pogrebih in na svatbah, \u0161pilamo za vse, za \u010drne in za blonde, \u010diribiribele in diridiridonde.\u00a0Robert je na odru je \u017ee od svojega dvanajstega leta, igral je [&hellip;]<\/p>","protected":false},"author":11,"featured_media":26329,"template":"","meta":{"_seopress_robots_primary_cat":"none","_seopress_titles_title":"","_seopress_titles_desc":"","_seopress_robots_index":""},"product_brand":[],"product_cat":[230],"product_tag":[222],"class_list":{"0":"post-26328","1":"product","2":"type-product","3":"status-publish","4":"has-post-thumbnail","6":"product_cat-arhiv","7":"product_tag-predprodaja","9":"entry","10":"has-media","12":"first","13":"instock","14":"virtual","15":"taxable","16":"product-type-simple","17":"has-product-nav","18":"col","19":"span_1_of_4","20":"owp-content-center","21":"item-entry","22":"owp-thumbs-layout-horizontal","23":"owp-btn-normal","24":"owp-tabs-layout-section","25":"has-no-thumbnails"},"publishpress_future_action":{"enabled":false,"date":"2026-05-08 18:40:13","action":"change-status","newStatus":"draft","terms":[],"taxonomy":"product_cat","extraData":[]},"publishpress_future_workflow_manual_trigger":{"enabledWorkflows":[]},"_links":{"self":[{"href":"https:\/\/www.orto-bar.com\/en\/wp-json\/wp\/v2\/product\/26328","targetHints":{"allow":["GET"]}}],"collection":[{"href":"https:\/\/www.orto-bar.com\/en\/wp-json\/wp\/v2\/product"}],"about":[{"href":"https:\/\/www.orto-bar.com\/en\/wp-json\/wp\/v2\/types\/product"}],"author":[{"embeddable":true,"href":"https:\/\/www.orto-bar.com\/en\/wp-json\/wp\/v2\/users\/11"}],"version-history":[{"count":0,"href":"https:\/\/www.orto-bar.com\/en\/wp-json\/wp\/v2\/product\/26328\/revisions"}],"wp:featuredmedia":[{"embeddable":true,"href":"https:\/\/www.orto-bar.com\/en\/wp-json\/wp\/v2\/media\/26329"}],"wp:attachment":[{"href":"https:\/\/www.orto-bar.com\/en\/wp-json\/wp\/v2\/media?parent=26328"}],"wp:term":[{"taxonomy":"product_brand","embeddable":true,"href":"https:\/\/www.orto-bar.com\/en\/wp-json\/wp\/v2\/product_brand?post=26328"},{"taxonomy":"product_cat","embeddable":true,"href":"https:\/\/www.orto-bar.com\/en\/wp-json\/wp\/v2\/product_cat?post=26328"},{"taxonomy":"product_tag","embeddable":true,"href":"https:\/\/www.orto-bar.com\/en\/wp-json\/wp\/v2\/product_tag?post=26328"}],"curies":[{"name":"wp","href":"https:\/\/api.w.org\/{rel}","templated":true}]}}

<p>Muskonter si po duši, po srcu in popoldne«. Ena od njegovih kantavtorskih skladb gre nekako v smislu ”znajdemo se v vsem, v komadih in v skladbah, solze brišemo in na pogrebih in na svatbah, špilamo za vse, za črne in za blonde, čiribiribele in diridiridonde. Robert je na odru je že od svojega dvanajstega leta, igral je tako z simfoničnimi orkestri kot punk v jedrskih zakloniščih, od festivalskih do cerkvenih in tudi zidarskih odrov, nekaj let je bil član bolj in manj znanih pop zasedb in ustvarjal glasbo za druge glasbenike in pevke. Pravi, da ni nujno isto.</p>
<p>Po nešteto koncertih nastopih, špilih, čagah, feštah, porokah, pogrebih, slavjih, fantovščinah in dobesedno vsem, kar pride vmes je stopil v ospredje. Pozneje je začel razkrivati vse, kar so mu leta igranja pustila nekje v malih možganih – s svojimi duhovitimi in odkritimi kantavtorskimi besedili se je leta 2019 udeležil slovenskega kantavtorskega festivala Kantfest in prejel zlato kanto, tako od občinstva kot tudi od strokovne žirije.</p>
<p>Od takrat je bil gost že v mnogih radijskih in televizijskih oddajah kot so Prva vrsta, Izštekani in podobno. Tu gre omeniti tudi odmeven komad RTV – Rad Te Volim, ki je zakrožil pred referendumom o RTVju in dodobra nasmejal ogromno ljudi, ki so ga tudi delili.</p>
<p>Sproti piše glasbo in besedila tudi za druge izvajalce, nastopa v glasbenih predstavah širom Slovenije, s Perico Jerkovićem sta skupaj ustvarila tudi Zbogom korona, mi gremo na dopust – predstavo z akordi. Poleg tega se ukvarja z glasbeno in video produkcijo, igra na porokah tako kot del dueta Maja in Robi kot tudi banda The Rafters in nasploh ustvarja podolgem in počez.</p>
<p>Njegovi kantavtorski koncerti so res nekaj posebnega, polni posrečenih medklicev, duhovitih besedil in pikrega humorja.</p>
<p>&nbsp;</p>

<p>Muskonter si po duši, po srcu in popoldne«. Ena od njegovih kantavtorskih skladb gre nekako v smislu ”znajdemo se v vsem, v komadih in v skladbah, solze brišemo in na pogrebih in na svatbah, špilamo za vse, za črne in za blonde, čiribiribele in diridiridonde. Robert je na odru je že od svojega dvanajstega leta, igral je [&hellip;]</p>
