{"id":26678,"date":"2023-01-19T08:56:37","date_gmt":"2023-01-19T08:56:37","guid":{"rendered":"https:\/\/www.orto-bar.com\/?post_type=product&#038;p=26678"},"modified":"2023-02-22T12:02:47","modified_gmt":"2023-02-22T11:02:47","slug":"klon-imperij","status":"publish","type":"product","link":"https:\/\/www.orto-bar.com\/en\/dogodki\/arhiv\/klon-imperij\/","title":{"rendered":"KLON + Imperij"},"content":{"rendered":"<p><strong>KL<\/strong><strong>ON + Imperij<\/strong><\/p>\n<p>&nbsp;<\/p>\n<p>Celjski rokerji \ud835\uddde\ud835\udddf\ud835\udde2\ud835\udde1 (Urban, Luka, Goran in Gregor) se vra\u010dajo v Ljubljano in veste, kaj to pomeni &#8211; dober rokerski \u017eur! \u0160e bolj na \u0161us, saj so la\u010dni koncertne energije\u00a0\u00a0Tokrat bodo postregli \u0161e z dalj\u0161im nastopom! Glasnej\u0161i, udarnej\u0161i in z novim albumom pod pasom se vra\u010dajo v Orto Bar, kjer bodo pokazali, kako se dela!<\/p>\n<p>Lanskega oktobra so izdali novo plato! Paleta novih komadov!<br \/>\n\ud835\udde6\ud835\uddf9\ud835\uddee\ud835\uddf1\ud835\uddf8\ud835\uddee \ud835\uddfa\ud835\uddee\ud835\uddf9\ud835\uddee \ud835\ude07\ud835\ude03\ud835\uddf2\ud835\uddff (<a href=\"https:\/\/tinyurl.com\/3p4d2pzm?fbclid=IwAR2GP3t5rC7i9rnNCXAGxkmSOpnhr-Cbxw3hfDUA48TEq72FJBshyyi1Ll0\">https:\/\/tinyurl.com\/3p4d2pzm<\/a>)<br \/>\n_____________________________________<br \/>\nDa bo dogodek \u0161e slaj\u0161i, pa bodo za njih odprli prerojeni in prevetreni \ud835\udddc\ud835\uddfa\ud835\uddfd\ud835\uddf2\ud835\uddff\ud835\uddf6\ud835\uddf7. Z novo zasedbo in z vrhunskim Markom Dupli\u0161kom na vokalu (INMATE) je bend postal povsem nova zver (&#8220;sladka mala zver&#8221;, \u010de bi vpra\u0161ali Klone).<\/p>\n<p>Poslu\u0161ajte tole in se prepri\u010dajte.<\/p>\n<p>\ud835\uddd5\ud835\uddff\ud835\uddf2\ud835\ude07\ud835\uddf2 \ud835\ude03 \ud835\uddfd\ud835\uddf9\ud835\uddee\ud835\uddfa\ud835\uddf2\ud835\uddfb\ud835\uddf6\ud835\uddf5 (<a href=\"https:\/\/tinyurl.com\/n5r6fp8c?fbclid=IwAR1Jka69uOJSPoSS4nSyW1ubsVyOSfe2CP_8DvGpZ_7XrXWuzDT6j6UthTI\">https:\/\/tinyurl.com\/n5r6fp8c<\/a>)<\/p>\n<p>Marko Dupli\u0161ak &#8211; vokal<br \/>\nNejc Dolinar &#8211; kitara<br \/>\nIgor Gruden &#8211; kitara<br \/>\nNina \u0160polar &#8211; bas<br \/>\nJulij Klemenc &#8211; bobni<\/p>\n<p>&nbsp;<\/p>","protected":false},"excerpt":{"rendered":"<p>KLON + Imperij &nbsp; Celjski rokerji \ud835\uddde\ud835\udddf\ud835\udde2\ud835\udde1 (Urban, Luka, Goran in Gregor) se vra\u010dajo v Ljubljano in veste, kaj to pomeni &#8211; dober rokerski \u017eur! \u0160e bolj na \u0161us, saj so la\u010dni koncertne energije\u00a0\u00a0Tokrat bodo postregli \u0161e z dalj\u0161im nastopom! Glasnej\u0161i, udarnej\u0161i in z novim albumom pod pasom se vra\u010dajo v Orto Bar, kjer bodo [&hellip;]<\/p>","protected":false},"author":11,"featured_media":26746,"template":"","meta":{"_seopress_robots_primary_cat":"none","_seopress_titles_title":"","_seopress_titles_desc":"","_seopress_robots_index":""},"product_brand":[],"product_cat":[230],"product_tag":[222],"class_list":{"0":"post-26678","1":"product","2":"type-product","3":"status-publish","4":"has-post-thumbnail","6":"product_cat-arhiv","7":"product_tag-predprodaja","9":"entry","10":"has-media","12":"first","13":"instock","14":"virtual","15":"taxable","16":"product-type-simple","17":"has-product-nav","18":"col","19":"span_1_of_4","20":"owp-content-center","21":"item-entry","22":"owp-thumbs-layout-horizontal","23":"owp-btn-normal","24":"owp-tabs-layout-section","25":"has-no-thumbnails"},"publishpress_future_action":{"enabled":false,"date":"2026-05-08 14:28:28","action":"change-status","newStatus":"draft","terms":[],"taxonomy":"product_cat","extraData":[]},"publishpress_future_workflow_manual_trigger":{"enabledWorkflows":[]},"_links":{"self":[{"href":"https:\/\/www.orto-bar.com\/en\/wp-json\/wp\/v2\/product\/26678","targetHints":{"allow":["GET"]}}],"collection":[{"href":"https:\/\/www.orto-bar.com\/en\/wp-json\/wp\/v2\/product"}],"about":[{"href":"https:\/\/www.orto-bar.com\/en\/wp-json\/wp\/v2\/types\/product"}],"author":[{"embeddable":true,"href":"https:\/\/www.orto-bar.com\/en\/wp-json\/wp\/v2\/users\/11"}],"version-history":[{"count":0,"href":"https:\/\/www.orto-bar.com\/en\/wp-json\/wp\/v2\/product\/26678\/revisions"}],"wp:featuredmedia":[{"embeddable":true,"href":"https:\/\/www.orto-bar.com\/en\/wp-json\/wp\/v2\/media\/26746"}],"wp:attachment":[{"href":"https:\/\/www.orto-bar.com\/en\/wp-json\/wp\/v2\/media?parent=26678"}],"wp:term":[{"taxonomy":"product_brand","embeddable":true,"href":"https:\/\/www.orto-bar.com\/en\/wp-json\/wp\/v2\/product_brand?post=26678"},{"taxonomy":"product_cat","embeddable":true,"href":"https:\/\/www.orto-bar.com\/en\/wp-json\/wp\/v2\/product_cat?post=26678"},{"taxonomy":"product_tag","embeddable":true,"href":"https:\/\/www.orto-bar.com\/en\/wp-json\/wp\/v2\/product_tag?post=26678"}],"curies":[{"name":"wp","href":"https:\/\/api.w.org\/{rel}","templated":true}]}}

<p><strong>KL</strong><strong>ON + Imperij</strong></p>
<p>&nbsp;</p>
<p>Celjski rokerji 𝗞𝗟𝗢𝗡 (Urban, Luka, Goran in Gregor) se vračajo v Ljubljano in veste, kaj to pomeni &#8211; dober rokerski žur! Še bolj na šus, saj so lačni koncertne energije  Tokrat bodo postregli še z daljšim nastopom! Glasnejši, udarnejši in z novim albumom pod pasom se vračajo v Orto Bar, kjer bodo pokazali, kako se dela!</p>
<p>Lanskega oktobra so izdali novo plato! Paleta novih komadov!<br />
𝗦𝗹𝗮𝗱𝗸𝗮 𝗺𝗮𝗹𝗮 𝘇𝘃𝗲𝗿 (<a href="https://tinyurl.com/3p4d2pzm?fbclid=IwAR2GP3t5rC7i9rnNCXAGxkmSOpnhr-Cbxw3hfDUA48TEq72FJBshyyi1Ll0">https://tinyurl.com/3p4d2pzm</a>)<br />
_____________________________________<br />
Da bo dogodek še slajši, pa bodo za njih odprli prerojeni in prevetreni 𝗜𝗺𝗽𝗲𝗿𝗶𝗷. Z novo zasedbo in z vrhunskim Markom Dupliškom na vokalu (INMATE) je bend postal povsem nova zver (&#8220;sladka mala zver&#8221;, če bi vprašali Klone).</p>
<p>Poslušajte tole in se prepričajte.</p>
<p>𝗕𝗿𝗲𝘇𝗲 𝘃 𝗽𝗹𝗮𝗺𝗲𝗻𝗶𝗵 (<a href="https://tinyurl.com/n5r6fp8c?fbclid=IwAR1Jka69uOJSPoSS4nSyW1ubsVyOSfe2CP_8DvGpZ_7XrXWuzDT6j6UthTI">https://tinyurl.com/n5r6fp8c</a>)</p>
<p>Marko Duplišak &#8211; vokal<br />
Nejc Dolinar &#8211; kitara<br />
Igor Gruden &#8211; kitara<br />
Nina Špolar &#8211; bas<br />
Julij Klemenc &#8211; bobni</p>
<p>&nbsp;</p>

<p>KLON + Imperij &nbsp; Celjski rokerji 𝗞𝗟𝗢𝗡 (Urban, Luka, Goran in Gregor) se vračajo v Ljubljano in veste, kaj to pomeni &#8211; dober rokerski žur! Še bolj na šus, saj so lačni koncertne energije  Tokrat bodo postregli še z daljšim nastopom! Glasnejši, udarnejši in z novim albumom pod pasom se vračajo v Orto Bar, kjer bodo [&hellip;]</p>
