{"id":34462,"date":"2023-02-27T19:20:10","date_gmt":"2023-02-27T18:20:10","guid":{"rendered":"https:\/\/www.orto-bar.com\/?post_type=product&#038;p=34462"},"modified":"2023-05-25T18:38:24","modified_gmt":"2023-05-25T17:38:24","slug":"love-charade-the-tree-man-band","status":"publish","type":"product","link":"https:\/\/www.orto-bar.com\/en\/dogodki\/arhiv\/love-charade-the-tree-man-band\/","title":{"rendered":"Love Charade, The Tree Man Band"},"content":{"rendered":"<p>&nbsp;<\/p>\n<p><span style=\"font-weight: 400;\">Love Charade so sve\u017e bend s petimi \u010dlani, starimi od 15 do 22 let, ki se radi zaprejo za nekaj ur na teden v prostor Mladih zmajev \u010crnu\u010de in u\u017eivajo ob preigravanju razli\u010dnih priredb, ustvarjanju avtorskih komadov in deljenju zvo\u010dnega onesna\u017eevanja z vsemi, ki bi jim radi prisluhnili.\u00a0<\/span><\/p>\n<p><span style=\"font-weight: 400;\">Luka Koritnik je zadol\u017een za mastne riffe in bo\u017eanske melodije. Tinkara Delux poskrbi, da so va\u0161a u\u0161esa fino podmazana z ne\u017enim glasom in pobo\u017eana s harmonijo flavte in kazooja.\u00a0 Izabela Delux dr\u017ei ritem na kitari in goni na\u0161o ustvarjalno plat kjer vsi skupaj dodamo kan\u010dek sebe. Best for last pa je ritem sekcija, ki jo sestavljata Marko Oblak in Zala Trnjanin, ki vas s svojimi nizkimi toni poneseta dobesedno v oblake.<\/span><\/p>\n<p>&nbsp;<\/p>\n<p>&nbsp;<\/p>\n<p><span style=\"font-weight: 400;\">Kontakt:<\/span><\/p>\n<p><a href=\"mailto:lovecharade.band@gmail.com\"><span style=\"font-weight: 400;\">lovecharade.band@gmail.com<\/span><\/a><\/p>\n<p><span style=\"font-weight: 400;\">tel. \u0161t.: 041 492 516 (Izabela)<\/span><\/p>\n<p><span style=\"font-weight: 400;\">instagram: <\/span><a href=\"https:\/\/www.instagram.com\/lovecharade_band\/\"><span style=\"font-weight: 400;\">https:\/\/www.instagram.com\/lovecharade_band\/<\/span><\/a><\/p>\n<p><span style=\"font-weight: 400;\">facebook: <\/span><a href=\"https:\/\/www.facebook.com\/Love-Charade-Band-103384758950434\/\"><span style=\"font-weight: 400;\">https:\/\/www.facebook.com\/Love-Charade-Band-103384758950434\/<\/span><\/a><\/p>\n<p><span style=\"font-weight: 400;\">youtube: <\/span><a href=\"https:\/\/www.youtube.com\/channel\/UCnOVgZGE6oHq2dSKZCyO4vQ\"><span style=\"font-weight: 400;\">https:\/\/www.youtube.com\/channel\/UCnOVgZGE6oHq2dSKZCyO4vQ<\/span><\/a><\/p>\n<p>&nbsp;<\/p>\n<p><span style=\"font-weight: 400;\">Mlada poso\u0161ka zasedba The Tree Man Band se pridru\u017euje valu nove indie rock glasbe, ki je v zadnjih letih preplavila tudi slovensko glasbeno prizori\u0161\u010de. Peterica \u010dlanov z raznolikimi glasbenimi ozadji prispeva k samosvojemu slogu benda, ki temelji tudi na zvokih trobente, udarnosti dveh kitar in vedno uigranem \u00bbgruvu\u00ab bobnov in basa. Aktualni podprvaki dija\u0161kega tekmovanja \u0160pil Liga stremijo k vse bolj usklajenemu \u017eivemu nastopu in kreativni avtorski glasbi.<\/span><\/p>\n<p><span style=\"font-weight: 400;\">Zasedba:Nejc Sim\u010di\u010d \u2013 vokal, kitara<\/span><span style=\"font-weight: 400;\"><br \/>\n<\/span><span style=\"font-weight: 400;\">Samo Cholewa Cizl \u2013 kitara<\/span><span style=\"font-weight: 400;\"><br \/>\n<\/span><span style=\"font-weight: 400;\">Rok Kaltnekar \u2013 trobenta<\/span><span style=\"font-weight: 400;\"><br \/>\n<\/span><span style=\"font-weight: 400;\">Dunja Rutar \u2013 bas-kitara <\/span><span style=\"font-weight: 400;\"><br \/>\n<\/span><span style=\"font-weight: 400;\">Leon Benko \u2013 bobni<\/span><\/p>\n<p><a href=\"https:\/\/www.instagram.com\/tsuriimanbando\/\">https:\/\/www.instagram.com\/tsuriimanbando\/<\/a><\/p>\n<p>&nbsp;<\/p>\n<p><a href=\"https:\/\/www.facebook.com\/tsuriimanbando\">https:\/\/www.facebook.com\/tsuriimanbando<\/a><\/p>","protected":false},"excerpt":{"rendered":"<p>&nbsp; Love Charade so sve\u017e bend s petimi \u010dlani, starimi od 15 do 22 let, ki se radi zaprejo za nekaj ur na teden v prostor Mladih zmajev \u010crnu\u010de in u\u017eivajo ob preigravanju razli\u010dnih priredb, ustvarjanju avtorskih komadov in deljenju zvo\u010dnega onesna\u017eevanja z vsemi, ki bi jim radi prisluhnili.\u00a0 Luka Koritnik je zadol\u017een za mastne [&hellip;]<\/p>","protected":false},"author":11,"featured_media":34463,"template":"","meta":{"_seopress_robots_primary_cat":"none","_seopress_titles_title":"","_seopress_titles_desc":"","_seopress_robots_index":""},"product_brand":[],"product_cat":[230],"product_tag":[222],"class_list":{"0":"post-34462","1":"product","2":"type-product","3":"status-publish","4":"has-post-thumbnail","6":"product_cat-arhiv","7":"product_tag-predprodaja","9":"entry","10":"has-media","12":"first","13":"instock","14":"virtual","15":"taxable","16":"product-type-simple","17":"has-product-nav","18":"col","19":"span_1_of_4","20":"owp-content-center","21":"item-entry","22":"owp-thumbs-layout-horizontal","23":"owp-btn-normal","24":"owp-tabs-layout-section"},"publishpress_future_action":{"enabled":false,"date":"2026-05-08 22:29:59","action":"change-status","newStatus":"draft","terms":[],"taxonomy":"product_cat","extraData":[]},"publishpress_future_workflow_manual_trigger":{"enabledWorkflows":[]},"_links":{"self":[{"href":"https:\/\/www.orto-bar.com\/en\/wp-json\/wp\/v2\/product\/34462","targetHints":{"allow":["GET"]}}],"collection":[{"href":"https:\/\/www.orto-bar.com\/en\/wp-json\/wp\/v2\/product"}],"about":[{"href":"https:\/\/www.orto-bar.com\/en\/wp-json\/wp\/v2\/types\/product"}],"author":[{"embeddable":true,"href":"https:\/\/www.orto-bar.com\/en\/wp-json\/wp\/v2\/users\/11"}],"version-history":[{"count":0,"href":"https:\/\/www.orto-bar.com\/en\/wp-json\/wp\/v2\/product\/34462\/revisions"}],"wp:featuredmedia":[{"embeddable":true,"href":"https:\/\/www.orto-bar.com\/en\/wp-json\/wp\/v2\/media\/34463"}],"wp:attachment":[{"href":"https:\/\/www.orto-bar.com\/en\/wp-json\/wp\/v2\/media?parent=34462"}],"wp:term":[{"taxonomy":"product_brand","embeddable":true,"href":"https:\/\/www.orto-bar.com\/en\/wp-json\/wp\/v2\/product_brand?post=34462"},{"taxonomy":"product_cat","embeddable":true,"href":"https:\/\/www.orto-bar.com\/en\/wp-json\/wp\/v2\/product_cat?post=34462"},{"taxonomy":"product_tag","embeddable":true,"href":"https:\/\/www.orto-bar.com\/en\/wp-json\/wp\/v2\/product_tag?post=34462"}],"curies":[{"name":"wp","href":"https:\/\/api.w.org\/{rel}","templated":true}]}}

<p>&nbsp;</p>
<p><span style="font-weight: 400;">Love Charade so svež bend s petimi člani, starimi od 15 do 22 let, ki se radi zaprejo za nekaj ur na teden v prostor Mladih zmajev Črnuče in uživajo ob preigravanju različnih priredb, ustvarjanju avtorskih komadov in deljenju zvočnega onesnaževanja z vsemi, ki bi jim radi prisluhnili. </span></p>
<p><span style="font-weight: 400;">Luka Koritnik je zadolžen za mastne riffe in božanske melodije. Tinkara Delux poskrbi, da so vaša ušesa fino podmazana z nežnim glasom in pobožana s harmonijo flavte in kazooja.  Izabela Delux drži ritem na kitari in goni našo ustvarjalno plat kjer vsi skupaj dodamo kanček sebe. Best for last pa je ritem sekcija, ki jo sestavljata Marko Oblak in Zala Trnjanin, ki vas s svojimi nizkimi toni poneseta dobesedno v oblake.</span></p>
<p>&nbsp;</p>
<p>&nbsp;</p>
<p><span style="font-weight: 400;">Kontakt:</span></p>
<p><a href="mailto:lovecharade.band@gmail.com"><span style="font-weight: 400;">lovecharade.band@gmail.com</span></a></p>
<p><span style="font-weight: 400;">tel. št.: 041 492 516 (Izabela)</span></p>
<p><span style="font-weight: 400;">instagram: </span><a href="https://www.instagram.com/lovecharade_band/"><span style="font-weight: 400;">https://www.instagram.com/lovecharade_band/</span></a></p>
<p><span style="font-weight: 400;">facebook: </span><a href="https://www.facebook.com/Love-Charade-Band-103384758950434/"><span style="font-weight: 400;">https://www.facebook.com/Love-Charade-Band-103384758950434/</span></a></p>
<p><span style="font-weight: 400;">youtube: </span><a href="https://www.youtube.com/channel/UCnOVgZGE6oHq2dSKZCyO4vQ"><span style="font-weight: 400;">https://www.youtube.com/channel/UCnOVgZGE6oHq2dSKZCyO4vQ</span></a></p>
<p>&nbsp;</p>
<p><span style="font-weight: 400;">Mlada posoška zasedba The Tree Man Band se pridružuje valu nove indie rock glasbe, ki je v zadnjih letih preplavila tudi slovensko glasbeno prizorišče. Peterica članov z raznolikimi glasbenimi ozadji prispeva k samosvojemu slogu benda, ki temelji tudi na zvokih trobente, udarnosti dveh kitar in vedno uigranem »gruvu« bobnov in basa. Aktualni podprvaki dijaškega tekmovanja Špil Liga stremijo k vse bolj usklajenemu živemu nastopu in kreativni avtorski glasbi.</span></p>
<p><span style="font-weight: 400;">Zasedba:Nejc Simčič – vokal, kitara</span><span style="font-weight: 400;"><br />
</span><span style="font-weight: 400;">Samo Cholewa Cizl – kitara</span><span style="font-weight: 400;"><br />
</span><span style="font-weight: 400;">Rok Kaltnekar – trobenta</span><span style="font-weight: 400;"><br />
</span><span style="font-weight: 400;">Dunja Rutar – bas-kitara </span><span style="font-weight: 400;"><br />
</span><span style="font-weight: 400;">Leon Benko – bobni</span></p>
<p><a href="https://www.instagram.com/tsuriimanbando/">https://www.instagram.com/tsuriimanbando/</a></p>
<p>&nbsp;</p>
<p><a href="https://www.facebook.com/tsuriimanbando">https://www.facebook.com/tsuriimanbando</a></p>

<p>&nbsp; Love Charade so svež bend s petimi člani, starimi od 15 do 22 let, ki se radi zaprejo za nekaj ur na teden v prostor Mladih zmajev Črnuče in uživajo ob preigravanju različnih priredb, ustvarjanju avtorskih komadov in deljenju zvočnega onesnaževanja z vsemi, ki bi jim radi prisluhnili.  Luka Koritnik je zadolžen za mastne [&hellip;]</p>
