{"id":37070,"date":"2023-03-14T17:46:41","date_gmt":"2023-03-14T16:46:41","guid":{"rendered":"https:\/\/www.orto-bar.com\/?post_type=product&#038;p=37070"},"modified":"2023-04-07T14:39:32","modified_gmt":"2023-04-07T13:39:32","slug":"orto-fest-2023-paraf-grc","status":"publish","type":"product","link":"https:\/\/www.orto-bar.com\/en\/dogodki\/arhiv\/orto-fest-2023-paraf-grc\/","title":{"rendered":"Orto Fest 2023 &#8211; Paraf, Gr\u010d"},"content":{"rendered":"<div class=\"x11i5rnm xat24cr x1mh8g0r x1vvkbs xdj266r\">PARAF<\/div>\n<div class=\"x11i5rnm xat24cr x1mh8g0r x1vvkbs xtlvy1s\">Ob 40-letnici punka na Reki je leta 2019 na novo za\u017eivela skupina Paraf. Skupina Paraf je sicer nastala ob koncu leta 1976, ustanovili so jo najstniki iz Reke. Ustanovitelji, Valter Kocijan\u010di\u0107 (vokali, kitara), Zdravko \u010cabrijan (bas kitara) ter Du\u0161an Ladavac (bobni) so bili v navezi s podobno punk skupino iz istega mesta, Termiti , dejavno pa so se povezali s sceno iz Ljubljane. Po odmevnem koncertu v Klubu Gromka na Metelkovi ter nastopu na OrtoFestu leta 2019, kjer so Paraf nastopili z zasedbo Valter svira Parafe ter nastopu na koncertnem dogodku RI \u2013 LJ NEW WAVE REUNION leta 2022 v Kinu \u0160i\u0161ka, se legendarni punkerji iz biv\u0161e skupne dr\u017eave, prvi\u010d v polni zasedbi, s pevkama Vim Colo in Ivo Mo\u010dibob, odpravljajo na Orto fest, kjer bodo predstavili aktualni album DELTA live.<\/div>\n<div class=\"x11i5rnm xat24cr x1mh8g0r x1vvkbs xtlvy1s\">GR\u010c<\/div>\n<div class=\"x11i5rnm xat24cr x1mh8g0r x1vvkbs xtlvy1s\">GR\u010c je shock dark rock zasedba, ki je nastala na Reki leta 1982. Leta 1983 je bila pri ljubljanski zalo\u017ebi FV izdana kaseta \u2013 na A strani so bili posnetki skupine GR\u010c, na B strani pa posnetki skupine Mrtvi kanal. Ponatis v obliki vinila je leto\u0161njega leta izdala italijanska zalo\u017eba F.O.A.D. RECORDS. Zasedba je skozi leta ve\u010dkrat menjala postavo, edini od ustanovnih \u010dlanov je ostal Zoran \u0160tajdohar \u2013 Zoff. Glasba, ki jo ustvarja skupina GR\u010c je disonantna, \u0161trli izven razli\u010dnih \u017eanrskih okvirjev ter na tak na\u010din tudi nazorno prikazuje samo idejno zasnovo benda &#8211; ustvarjati glasbo spontano, brez ustaljenih pravil in predpiso<\/div>","protected":false},"excerpt":{"rendered":"<p>PARAF Ob 40-letnici punka na Reki je leta 2019 na novo za\u017eivela skupina Paraf. Skupina Paraf je sicer nastala ob koncu leta 1976, ustanovili so jo najstniki iz Reke. Ustanovitelji, Valter Kocijan\u010di\u0107 (vokali, kitara), Zdravko \u010cabrijan (bas kitara) ter Du\u0161an Ladavac (bobni) so bili v navezi s podobno punk skupino iz istega mesta, Termiti , [&hellip;]<\/p>","protected":false},"author":11,"featured_media":37071,"template":"","meta":{"_seopress_robots_primary_cat":"none","_seopress_titles_title":"","_seopress_titles_desc":"","_seopress_robots_index":""},"product_brand":[],"product_cat":[230],"product_tag":[222],"class_list":{"0":"post-37070","1":"product","2":"type-product","3":"status-publish","4":"has-post-thumbnail","6":"product_cat-arhiv","7":"product_tag-predprodaja","9":"entry","10":"has-media","12":"first","13":"instock","14":"virtual","15":"taxable","16":"product-type-simple","17":"has-product-nav","18":"col","19":"span_1_of_4","20":"owp-content-center","21":"item-entry","22":"owp-thumbs-layout-horizontal","23":"owp-btn-normal","24":"owp-tabs-layout-section","25":"has-no-thumbnails"},"publishpress_future_action":{"enabled":false,"date":"2026-05-08 18:42:08","action":"change-status","newStatus":"draft","terms":[],"taxonomy":"product_cat","extraData":[]},"publishpress_future_workflow_manual_trigger":{"enabledWorkflows":[]},"_links":{"self":[{"href":"https:\/\/www.orto-bar.com\/en\/wp-json\/wp\/v2\/product\/37070","targetHints":{"allow":["GET"]}}],"collection":[{"href":"https:\/\/www.orto-bar.com\/en\/wp-json\/wp\/v2\/product"}],"about":[{"href":"https:\/\/www.orto-bar.com\/en\/wp-json\/wp\/v2\/types\/product"}],"author":[{"embeddable":true,"href":"https:\/\/www.orto-bar.com\/en\/wp-json\/wp\/v2\/users\/11"}],"version-history":[{"count":0,"href":"https:\/\/www.orto-bar.com\/en\/wp-json\/wp\/v2\/product\/37070\/revisions"}],"wp:featuredmedia":[{"embeddable":true,"href":"https:\/\/www.orto-bar.com\/en\/wp-json\/wp\/v2\/media\/37071"}],"wp:attachment":[{"href":"https:\/\/www.orto-bar.com\/en\/wp-json\/wp\/v2\/media?parent=37070"}],"wp:term":[{"taxonomy":"product_brand","embeddable":true,"href":"https:\/\/www.orto-bar.com\/en\/wp-json\/wp\/v2\/product_brand?post=37070"},{"taxonomy":"product_cat","embeddable":true,"href":"https:\/\/www.orto-bar.com\/en\/wp-json\/wp\/v2\/product_cat?post=37070"},{"taxonomy":"product_tag","embeddable":true,"href":"https:\/\/www.orto-bar.com\/en\/wp-json\/wp\/v2\/product_tag?post=37070"}],"curies":[{"name":"wp","href":"https:\/\/api.w.org\/{rel}","templated":true}]}}

Orto Fest 2023 &#8211; Paraf, Grč

<div class="x11i5rnm xat24cr x1mh8g0r x1vvkbs xdj266r">PARAF</div>
<div class="x11i5rnm xat24cr x1mh8g0r x1vvkbs xtlvy1s">Ob 40-letnici punka na Reki je leta 2019 na novo zaživela skupina Paraf. Skupina Paraf je sicer nastala ob koncu leta 1976, ustanovili so jo najstniki iz Reke. Ustanovitelji, Valter Kocijančić (vokali, kitara), Zdravko Čabrijan (bas kitara) ter Dušan Ladavac (bobni) so bili v navezi s podobno punk skupino iz istega mesta, Termiti , dejavno pa so se povezali s sceno iz Ljubljane. Po odmevnem koncertu v Klubu Gromka na Metelkovi ter nastopu na OrtoFestu leta 2019, kjer so Paraf nastopili z zasedbo Valter svira Parafe ter nastopu na koncertnem dogodku RI – LJ NEW WAVE REUNION leta 2022 v Kinu Šiška, se legendarni punkerji iz bivše skupne države, prvič v polni zasedbi, s pevkama Vim Colo in Ivo Močibob, odpravljajo na Orto fest, kjer bodo predstavili aktualni album DELTA live.</div>
<div class="x11i5rnm xat24cr x1mh8g0r x1vvkbs xtlvy1s">GRČ</div>
<div class="x11i5rnm xat24cr x1mh8g0r x1vvkbs xtlvy1s">GRČ je shock dark rock zasedba, ki je nastala na Reki leta 1982. Leta 1983 je bila pri ljubljanski založbi FV izdana kaseta – na A strani so bili posnetki skupine GRČ, na B strani pa posnetki skupine Mrtvi kanal. Ponatis v obliki vinila je letošnjega leta izdala italijanska založba F.O.A.D. RECORDS. Zasedba je skozi leta večkrat menjala postavo, edini od ustanovnih članov je ostal Zoran Štajdohar – Zoff. Glasba, ki jo ustvarja skupina GRČ je disonantna, štrli izven različnih žanrskih okvirjev ter na tak način tudi nazorno prikazuje samo idejno zasnovo benda &#8211; ustvarjati glasbo spontano, brez ustaljenih pravil in predpiso</div>

<p>PARAF Ob 40-letnici punka na Reki je leta 2019 na novo zaživela skupina Paraf. Skupina Paraf je sicer nastala ob koncu leta 1976, ustanovili so jo najstniki iz Reke. Ustanovitelji, Valter Kocijančić (vokali, kitara), Zdravko Čabrijan (bas kitara) ter Dušan Ladavac (bobni) so bili v navezi s podobno punk skupino iz istega mesta, Termiti , [&hellip;]</p>
