{"id":41882,"date":"2023-04-13T15:36:28","date_gmt":"2023-04-13T14:36:28","guid":{"rendered":"https:\/\/www.orto-bar.com\/?post_type=product&#038;p=41882"},"modified":"2023-05-11T06:13:06","modified_gmt":"2023-05-11T05:13:06","slug":"zgreseni-primeri-the-closhers","status":"publish","type":"product","link":"https:\/\/www.orto-bar.com\/en\/dogodki\/arhiv\/zgreseni-primeri-the-closhers\/","title":{"rendered":"Zgre\u0161eni Primeri, The Closhers"},"content":{"rendered":"<p>Dvajset let je minilo, odkar so (sprva) trije nadobudni mladi fantje ustanovili skupino, s pomenljivim imenom \u2013\u00a0<strong>Zgre\u0161eni primeri<\/strong>. Po uvodnem \u201cpiljenju forme\u201d so se podali na koncertne odre in z lahkoto osvojili doma\u010do publiko. \u017de kmalu pa so za\u010dutili tudi potrebo po albumu, saj se je avtorskih skladb v nekaj letih njihovega delovanja nabralo kar lepo \u0161tevilo.<\/p>\n<p>&nbsp;<\/p>\n<p>V aprilu 2008 so nam kon\u010dno postregli s svojim \u017ee dolgo pri\u010dakovanim prvencem z nenavadnim naslovom\u00a0<em>M.E.M<\/em>., katerega je \u0161e pred izidom napovedal njihov prvi videospot in sicer za skladbo\u00a0<em>Adam, Eva in Raj<\/em>, ki je kmalu za tem postala tudi njihova prva uspe\u0161nica. Sledila je njihova \u00bbponarodela\u00ab <em>Mi<\/em> s katero so se dokon\u010dno umestili v \u0161ir\u0161i krog favoritov za osvajanje radijskih lestvic in src najstnic \u0161irom Slovenije.<\/p>\n<p>&nbsp;<\/p>\n<p>Sledilo je nekaj ro\u0161ad v sestavi benda in grenko spoznanje, da nekaj kletvic v skladbah ni dober \u0161tos za glasbene urednike, ki so jih prete\u017eno bojkotirali. Razen redkih izjem.<\/p>\n<p>&nbsp;<\/p>\n<p>Sledila je nova plata z naslovom <em>Razlike<\/em>, ki je produkcijsko in zvokovno skupino premaknila na vi\u0161ji nivo. V skupini je sicer v tistem obdobju vladalo zanimivo prepri\u010danje, da so videospoti nepotrebni, zaradi \u010desar s te plate ni bilo niti enega pravega singla.<\/p>\n<p>&nbsp;<\/p>\n<p>Tretja plo\u0161\u010da je bila \u00bbposledica\u00ab intenzivnega izgubljanja \u010dasa bobnarja in basista ko sta ostala nekaj mesecev sama. S \u010dasoma sta se ju usmilila nova dva kitarista in skupaj so naredili do tedaj najbolj popolno stvaritev \u2013 album Ra\u010dun.<\/p>\n<p>&nbsp;<\/p>\n<p>S tega albuma so zgre\u0161enci lansirali kar 4 single z videospoti : Misli\u0161 na vse, V najlep\u0161e dni, Vljudno vabljeni in Mi smo tisti.<\/p>\n<p>&nbsp;<\/p>\n<p>V tistem obdobju so tudi odigrali tudi svoj najve\u010dji \u0161pil do slej \u2013 Ritem mladosti 2016 v polnih Sto\u017eicah.<\/p>\n<p>&nbsp;<\/p>\n<p>Sledil je singel Na\u010drt v letu 2017, nato pa zopet ustvarjalna pavza in dru\u017einske zadeve.<\/p>\n<p>&nbsp;<\/p>\n<p>Zbudili so se med \u00bblockdowni\u00ab v letu 2020 in se z novo posadko odpravili v studio leta 2022. Oktobra 2022 so izdali zadnji singel z naslovom Govorite, aprila 2023 \u0161e eno presene\u010denje, ki napoveduje novo plo\u0161\u010do\u2026<\/p>\n<p>&nbsp;<\/p>\n<p>V vsem tem \u010dasu pa je minilo dvajset \u00bbfuc#*\u00ab let in zato se v \u010detrtek,11. 5. 2023 dobimo v Orto baru, kjer so trenutno pravi pogoji za totalen odklop ob njihovem jubilejnem letu !<\/p>\n<p>&nbsp;<\/p>\n<p>Pridi \u2013 \u010de te ne bo, bomo to\u010dno vedli !<\/p>\n<p>&nbsp;<\/p>\n<p><strong><u>Youtube:<\/u><\/strong><\/p>\n<p><strong>Govorite, 2022<\/strong><\/p>\n<p><a href=\"https:\/\/www.youtube.com\/watch?v=Ncz0KQd5TWw&amp;list=RDNcz0KQd5TWw&amp;start_radio=1\">https:\/\/www.youtube.com\/watch?v=Ncz0KQd5TWw&amp;list=RDNcz0KQd5TWw&amp;start_radio=1<\/a><\/p>\n<p><strong>Manjka (Live), 2022<\/strong><\/p>\n<p><a href=\"https:\/\/www.youtube.com\/watch?v=vMXJI5XONuc\">https:\/\/www.youtube.com\/watch?v=vMXJI5XONuc<\/a><\/p>\n<p><strong>Na\u010drt, 2017<\/strong><\/p>\n<p><a href=\"https:\/\/www.youtube.com\/watch?v=qPGyDusNdao\">https:\/\/www.youtube.com\/watch?v=qPGyDusNdao<\/a><\/p>\n<p><strong>V najlep\u0161e dni, 2015<\/strong><\/p>\n<p><a href=\"https:\/\/www.youtube.com\/watch?v=kDmD0fkSdzg\">https:\/\/www.youtube.com\/watch?v=kDmD0fkSdzg<\/a><\/p>\n<p>&nbsp;<\/p>\n<p>&nbsp;<\/p>\n<p>Group\u00a0<strong>THE CLOSHERS<\/strong>\u00a0je zdru\u017eba \u0161etih preprostih fantov iz Grosuplja.<\/p>\n<p>Po mnenju strokovne glasbene javnosti smo uvr\u0161\u010deni v slog preprostega, spevnega SLO punk-rocka , na koncertih pa s svojim energi\u010dnim nastopom spravimo v dobro voljo tudi \u00bbtrezne\u00ab obiskovalce .\u00a0Na sceni smo aktivni \u017ee 18 let, nastopili pa smo na majhnih in velikih odrih \u0161irom Slovenije, kjer smo promovirali na\u0161o zgo\u0161\u010denko\u00a0PEJD Z MANO.<\/p>\n<p>&nbsp;<\/p>\n<p>\u010clani:<\/p>\n<p>&#8211;\u00a0\u00a0\u00a0\u00a0\u00a0\u00a0\u00a0Renato Bedene, vokal<\/p>\n<p>&#8211;\u00a0\u00a0\u00a0\u00a0\u00a0\u00a0\u00a0Dejan Markovi\u010d, kitara<\/p>\n<p>&#8211;\u00a0\u00a0\u00a0\u00a0\u00a0\u00a0\u00a0Andrej Likovi\u010d, kitara, vokal<\/p>\n<p>&#8211;\u00a0\u00a0\u00a0\u00a0\u00a0\u00a0\u00a0Gregor Lu\u017ear, bas, vokal<\/p>\n<p>&#8211;\u00a0\u00a0\u00a0\u00a0\u00a0\u00a0\u00a0Dejan Marki\u010d, klaviature, vokal<\/p>\n<p>&#8211;\u00a0\u00a0\u00a0\u00a0\u00a0\u00a0\u00a0Zlatan Deli\u010d, bobni<\/p>\n<p>Youtube:<\/p>\n<p>&#8211;\u00a0\u00a0\u00a0\u00a0\u00a0\u00a0\u00a0<a href=\"https:\/\/www.youtube.com\/watch?v=yVT5CreQBEY\">https:\/\/www.youtube.com\/watch?v=yVT5CreQBEY<\/a>\u00a0(The Closhers \u2013 Lili dej)<\/p>\n<p>&#8211;\u00a0\u00a0\u00a0\u00a0\u00a0\u00a0\u00a0<a href=\"https:\/\/www.youtube.com\/watch?v=It8vdP_3JEU\">https:\/\/www.youtube.com\/watch?v=It8vdP_3JEU<\/a>\u00a0(The Closhers \u2013 Pejd z mano)<\/p>\n<p>&#8211;\u00a0\u00a0\u00a0\u00a0\u00a0\u00a0\u00a0<a href=\"https:\/\/www.youtube.com\/watch?v=mFd1svjsuNY\">https:\/\/www.youtube.com\/watch?v=mFd1svjsuNY<\/a>\u00a0(The Closhers \u2013 Jadranka i Borut)<\/p>\n<p>&nbsp;<\/p>","protected":false},"excerpt":{"rendered":"<p>Dvajset let je minilo, odkar so (sprva) trije nadobudni mladi fantje ustanovili skupino, s pomenljivim imenom \u2013\u00a0Zgre\u0161eni primeri. Po uvodnem \u201cpiljenju forme\u201d so se podali na koncertne odre in z lahkoto osvojili doma\u010do publiko. \u017de kmalu pa so za\u010dutili tudi potrebo po albumu, saj se je avtorskih skladb v nekaj letih njihovega delovanja nabralo kar [&hellip;]<\/p>","protected":false},"author":11,"featured_media":41892,"template":"","meta":{"_seopress_robots_primary_cat":"none","_seopress_titles_title":"","_seopress_titles_desc":"","_seopress_robots_index":""},"product_brand":[],"product_cat":[230],"product_tag":[222],"class_list":{"0":"post-41882","1":"product","2":"type-product","3":"status-publish","4":"has-post-thumbnail","6":"product_cat-arhiv","7":"product_tag-predprodaja","9":"entry","10":"has-media","12":"first","13":"instock","14":"virtual","15":"taxable","16":"product-type-simple","17":"has-product-nav","18":"col","19":"span_1_of_4","20":"owp-content-center","21":"item-entry","22":"owp-thumbs-layout-horizontal","23":"owp-btn-normal","24":"owp-tabs-layout-section"},"publishpress_future_action":{"enabled":false,"date":"2026-05-08 21:30:11","action":"change-status","newStatus":"draft","terms":[],"taxonomy":"product_cat","extraData":[]},"publishpress_future_workflow_manual_trigger":{"enabledWorkflows":[]},"_links":{"self":[{"href":"https:\/\/www.orto-bar.com\/en\/wp-json\/wp\/v2\/product\/41882","targetHints":{"allow":["GET"]}}],"collection":[{"href":"https:\/\/www.orto-bar.com\/en\/wp-json\/wp\/v2\/product"}],"about":[{"href":"https:\/\/www.orto-bar.com\/en\/wp-json\/wp\/v2\/types\/product"}],"author":[{"embeddable":true,"href":"https:\/\/www.orto-bar.com\/en\/wp-json\/wp\/v2\/users\/11"}],"version-history":[{"count":0,"href":"https:\/\/www.orto-bar.com\/en\/wp-json\/wp\/v2\/product\/41882\/revisions"}],"wp:featuredmedia":[{"embeddable":true,"href":"https:\/\/www.orto-bar.com\/en\/wp-json\/wp\/v2\/media\/41892"}],"wp:attachment":[{"href":"https:\/\/www.orto-bar.com\/en\/wp-json\/wp\/v2\/media?parent=41882"}],"wp:term":[{"taxonomy":"product_brand","embeddable":true,"href":"https:\/\/www.orto-bar.com\/en\/wp-json\/wp\/v2\/product_brand?post=41882"},{"taxonomy":"product_cat","embeddable":true,"href":"https:\/\/www.orto-bar.com\/en\/wp-json\/wp\/v2\/product_cat?post=41882"},{"taxonomy":"product_tag","embeddable":true,"href":"https:\/\/www.orto-bar.com\/en\/wp-json\/wp\/v2\/product_tag?post=41882"}],"curies":[{"name":"wp","href":"https:\/\/api.w.org\/{rel}","templated":true}]}}

Zgrešeni Primeri, The Closhers

<p>Dvajset let je minilo, odkar so (sprva) trije nadobudni mladi fantje ustanovili skupino, s pomenljivim imenom – <strong>Zgrešeni primeri</strong>. Po uvodnem “piljenju forme” so se podali na koncertne odre in z lahkoto osvojili domačo publiko. Že kmalu pa so začutili tudi potrebo po albumu, saj se je avtorskih skladb v nekaj letih njihovega delovanja nabralo kar lepo število.</p>
<p>&nbsp;</p>
<p>V aprilu 2008 so nam končno postregli s svojim že dolgo pričakovanim prvencem z nenavadnim naslovom <em>M.E.M</em>., katerega je še pred izidom napovedal njihov prvi videospot in sicer za skladbo <em>Adam, Eva in Raj</em>, ki je kmalu za tem postala tudi njihova prva uspešnica. Sledila je njihova »ponarodela« <em>Mi</em> s katero so se dokončno umestili v širši krog favoritov za osvajanje radijskih lestvic in src najstnic širom Slovenije.</p>
<p>&nbsp;</p>
<p>Sledilo je nekaj rošad v sestavi benda in grenko spoznanje, da nekaj kletvic v skladbah ni dober štos za glasbene urednike, ki so jih pretežno bojkotirali. Razen redkih izjem.</p>
<p>&nbsp;</p>
<p>Sledila je nova plata z naslovom <em>Razlike</em>, ki je produkcijsko in zvokovno skupino premaknila na višji nivo. V skupini je sicer v tistem obdobju vladalo zanimivo prepričanje, da so videospoti nepotrebni, zaradi česar s te plate ni bilo niti enega pravega singla.</p>
<p>&nbsp;</p>
<p>Tretja plošča je bila »posledica« intenzivnega izgubljanja časa bobnarja in basista ko sta ostala nekaj mesecev sama. S časoma sta se ju usmilila nova dva kitarista in skupaj so naredili do tedaj najbolj popolno stvaritev – album Račun.</p>
<p>&nbsp;</p>
<p>S tega albuma so zgrešenci lansirali kar 4 single z videospoti : Misliš na vse, V najlepše dni, Vljudno vabljeni in Mi smo tisti.</p>
<p>&nbsp;</p>
<p>V tistem obdobju so tudi odigrali tudi svoj največji špil do slej – Ritem mladosti 2016 v polnih Stožicah.</p>
<p>&nbsp;</p>
<p>Sledil je singel Načrt v letu 2017, nato pa zopet ustvarjalna pavza in družinske zadeve.</p>
<p>&nbsp;</p>
<p>Zbudili so se med »lockdowni« v letu 2020 in se z novo posadko odpravili v studio leta 2022. Oktobra 2022 so izdali zadnji singel z naslovom Govorite, aprila 2023 še eno presenečenje, ki napoveduje novo ploščo…</p>
<p>&nbsp;</p>
<p>V vsem tem času pa je minilo dvajset »fuc#*« let in zato se v četrtek,11. 5. 2023 dobimo v Orto baru, kjer so trenutno pravi pogoji za totalen odklop ob njihovem jubilejnem letu !</p>
<p>&nbsp;</p>
<p>Pridi – če te ne bo, bomo točno vedli !</p>
<p>&nbsp;</p>
<p><strong><u>Youtube:</u></strong></p>
<p><strong>Govorite, 2022</strong></p>
<p><a href="https://www.youtube.com/watch?v=Ncz0KQd5TWw&amp;list=RDNcz0KQd5TWw&amp;start_radio=1">https://www.youtube.com/watch?v=Ncz0KQd5TWw&amp;list=RDNcz0KQd5TWw&amp;start_radio=1</a></p>
<p><strong>Manjka (Live), 2022</strong></p>
<p><a href="https://www.youtube.com/watch?v=vMXJI5XONuc">https://www.youtube.com/watch?v=vMXJI5XONuc</a></p>
<p><strong>Načrt, 2017</strong></p>
<p><a href="https://www.youtube.com/watch?v=qPGyDusNdao">https://www.youtube.com/watch?v=qPGyDusNdao</a></p>
<p><strong>V najlepše dni, 2015</strong></p>
<p><a href="https://www.youtube.com/watch?v=kDmD0fkSdzg">https://www.youtube.com/watch?v=kDmD0fkSdzg</a></p>
<p>&nbsp;</p>
<p>&nbsp;</p>
<p>Group <strong>THE CLOSHERS</strong> je združba šetih preprostih fantov iz Grosuplja.</p>
<p>Po mnenju strokovne glasbene javnosti smo uvrščeni v slog preprostega, spevnega SLO punk-rocka , na koncertih pa s svojim energičnim nastopom spravimo v dobro voljo tudi »trezne« obiskovalce . Na sceni smo aktivni že 18 let, nastopili pa smo na majhnih in velikih odrih širom Slovenije, kjer smo promovirali našo zgoščenko PEJD Z MANO.</p>
<p>&nbsp;</p>
<p>Člani:</p>
<p>&#8211;       Renato Bedene, vokal</p>
<p>&#8211;       Dejan Markovič, kitara</p>
<p>&#8211;       Andrej Likovič, kitara, vokal</p>
<p>&#8211;       Gregor Lužar, bas, vokal</p>
<p>&#8211;       Dejan Markič, klaviature, vokal</p>
<p>&#8211;       Zlatan Delič, bobni</p>
<p>Youtube:</p>
<p>&#8211;       <a href="https://www.youtube.com/watch?v=yVT5CreQBEY">https://www.youtube.com/watch?v=yVT5CreQBEY</a> (The Closhers – Lili dej)</p>
<p>&#8211;       <a href="https://www.youtube.com/watch?v=It8vdP_3JEU">https://www.youtube.com/watch?v=It8vdP_3JEU</a> (The Closhers – Pejd z mano)</p>
<p>&#8211;       <a href="https://www.youtube.com/watch?v=mFd1svjsuNY">https://www.youtube.com/watch?v=mFd1svjsuNY</a> (The Closhers – Jadranka i Borut)</p>
<p>&nbsp;</p>

<p>Dvajset let je minilo, odkar so (sprva) trije nadobudni mladi fantje ustanovili skupino, s pomenljivim imenom – Zgrešeni primeri. Po uvodnem “piljenju forme” so se podali na koncertne odre in z lahkoto osvojili domačo publiko. Že kmalu pa so začutili tudi potrebo po albumu, saj se je avtorskih skladb v nekaj letih njihovega delovanja nabralo kar [&hellip;]</p>
