{"id":48487,"date":"2023-10-12T20:14:21","date_gmt":"2023-10-12T18:14:21","guid":{"rendered":"https:\/\/www.orto-bar.com\/?post_type=product&#038;p=48487"},"modified":"2023-11-03T19:00:08","modified_gmt":"2023-11-03T18:00:08","slug":"iqv-ekv-tribute-band","status":"publish","type":"product","link":"https:\/\/www.orto-bar.com\/en\/dogodki\/arhiv\/iqv-ekv-tribute-band\/","title":{"rendered":"IQV &#8211; EKV tribute band"},"content":{"rendered":"<p>IQV -EKV rtibute band je nastal leta 2001. Od takrat nastopajo v vseh dr\u017eavah biv\u0161e Jugoslavije in igrajo izklju\u010dno skladbe EKV.<\/p>\n<p>Bend sestavljajo :<\/p>\n<p>Bojan Pej\u010di\u0107 (glas)<br \/>\nMario Dimitrijevi\u0107 (kitara)<br \/>\nIvan \u017divanovi\u0107 (klavijature)<br \/>\nNenad Vukeli\u0107 (bas)<br \/>\nDragan Jovanovi\u0107 (bobni)<\/p>\n<p>&nbsp;<\/p>\n<p>&nbsp;<\/p>\n<p>IQV &#8211; EKV tribute band nastao je 2001. godine. Od tada, dvadeset godina postoji i aktivno nastupa na prostorima nekada\u0161nje Jugoslavije, izvode\u0107i isklju\u010divo pesme grupe Ekatarina Velika.<\/p>\n<p>Sastav \u010dine:<\/p>\n<p>Bojan Pej\u010di\u0107 (glas)<br \/>\nMario Dimitrijevi\u0107 (gitara)<br \/>\nIvan \u017divanovi\u0107 (klavijatura)<br \/>\nNenad Vukeli\u0107 (bas)<br \/>\nDragan Jovanovi\u0107 (bubanj)<\/p>\n<p>Tokom protekle dve decenije, IQV &#8211; EKV tribute bend na svojim koncertima imao je priliku da nastupa i sara\u0111uje s biv\u0161im \u010dlanovima EKV, Markom Milivojevi\u0107em, Ivanom Feceom Fir\u010dijem i Tanjom Jovi\u0107evi\u0107, kao i s drugim vanserijskim, etabliranim muzi\u010darima poput Vasila Had\u017eimanova, Mite Jovan\u010di\u0107a (Block Out) i Dade Topi\u0107a.<\/p>\n<p>Uz redovne klupske koncerte, bend je u\u010destvovao na svim ve\u0107im regionalnim muzi\u010dkim festivalima, na promocijama knjiga o \u010dlanovima EKV i tribinama posve\u0107enim radu i stvarala\u0161tvu ove grupe.<\/p>\n<p>Najve\u0107u potvrdu ovom sastavu, ipak, dala je publika, privr\u017eena pesmama Ekatarine Velike, koja je nepodeljeno prihvatila IQV &#8211; EKV tribute bend i iz koncerta u koncert, iz godine u godinu, iz grada u grad \u2013 svojim stalnim prisustvom na nebrojenim nastupima pru\u017eala \u010dlanovima benda podr\u0161ku i neophodan podsticaj.<br \/>\nNa tome su im \u010dlanovi benda nemerljivo zahvalni.<\/p>\n<p>&nbsp;<\/p>\n<p>&nbsp;<\/p>","protected":false},"excerpt":{"rendered":"<p>IQV -EKV rtibute band je nastal leta 2001. Od takrat nastopajo v vseh dr\u017eavah biv\u0161e Jugoslavije in igrajo izklju\u010dno skladbe EKV. Bend sestavljajo : Bojan Pej\u010di\u0107 (glas) Mario Dimitrijevi\u0107 (kitara) Ivan \u017divanovi\u0107 (klavijature) Nenad Vukeli\u0107 (bas) Dragan Jovanovi\u0107 (bobni) &nbsp; &nbsp; IQV &#8211; EKV tribute band nastao je 2001. godine. Od tada, dvadeset godina postoji [&hellip;]<\/p>","protected":false},"author":11,"featured_media":48488,"template":"","meta":{"_seopress_robots_primary_cat":"none","_seopress_titles_title":"","_seopress_titles_desc":"","_seopress_robots_index":""},"product_brand":[],"product_cat":[230],"product_tag":[222],"class_list":{"0":"post-48487","1":"product","2":"type-product","3":"status-publish","4":"has-post-thumbnail","6":"product_cat-arhiv","7":"product_tag-predprodaja","9":"entry","10":"has-media","12":"first","13":"instock","14":"virtual","15":"taxable","16":"product-type-simple","17":"has-product-nav","18":"col","19":"span_1_of_4","20":"owp-content-center","21":"item-entry","22":"owp-thumbs-layout-horizontal","23":"owp-btn-normal","24":"owp-tabs-layout-section","25":"has-no-thumbnails"},"publishpress_future_action":{"enabled":false,"date":"2026-05-09 04:51:48","action":"change-status","newStatus":"draft","terms":[],"taxonomy":"product_cat","extraData":[]},"publishpress_future_workflow_manual_trigger":{"enabledWorkflows":[]},"_links":{"self":[{"href":"https:\/\/www.orto-bar.com\/en\/wp-json\/wp\/v2\/product\/48487","targetHints":{"allow":["GET"]}}],"collection":[{"href":"https:\/\/www.orto-bar.com\/en\/wp-json\/wp\/v2\/product"}],"about":[{"href":"https:\/\/www.orto-bar.com\/en\/wp-json\/wp\/v2\/types\/product"}],"author":[{"embeddable":true,"href":"https:\/\/www.orto-bar.com\/en\/wp-json\/wp\/v2\/users\/11"}],"version-history":[{"count":0,"href":"https:\/\/www.orto-bar.com\/en\/wp-json\/wp\/v2\/product\/48487\/revisions"}],"wp:featuredmedia":[{"embeddable":true,"href":"https:\/\/www.orto-bar.com\/en\/wp-json\/wp\/v2\/media\/48488"}],"wp:attachment":[{"href":"https:\/\/www.orto-bar.com\/en\/wp-json\/wp\/v2\/media?parent=48487"}],"wp:term":[{"taxonomy":"product_brand","embeddable":true,"href":"https:\/\/www.orto-bar.com\/en\/wp-json\/wp\/v2\/product_brand?post=48487"},{"taxonomy":"product_cat","embeddable":true,"href":"https:\/\/www.orto-bar.com\/en\/wp-json\/wp\/v2\/product_cat?post=48487"},{"taxonomy":"product_tag","embeddable":true,"href":"https:\/\/www.orto-bar.com\/en\/wp-json\/wp\/v2\/product_tag?post=48487"}],"curies":[{"name":"wp","href":"https:\/\/api.w.org\/{rel}","templated":true}]}}

<p>IQV -EKV rtibute band je nastal leta 2001. Od takrat nastopajo v vseh državah bivše Jugoslavije in igrajo izključno skladbe EKV.</p>
<p>Bend sestavljajo :</p>
<p>Bojan Pejčić (glas)<br />
Mario Dimitrijević (kitara)<br />
Ivan Živanović (klavijature)<br />
Nenad Vukelić (bas)<br />
Dragan Jovanović (bobni)</p>
<p>&nbsp;</p>
<p>&nbsp;</p>
<p>IQV &#8211; EKV tribute band nastao je 2001. godine. Od tada, dvadeset godina postoji i aktivno nastupa na prostorima nekadašnje Jugoslavije, izvodeći isključivo pesme grupe Ekatarina Velika.</p>
<p>Sastav čine:</p>
<p>Bojan Pejčić (glas)<br />
Mario Dimitrijević (gitara)<br />
Ivan Živanović (klavijatura)<br />
Nenad Vukelić (bas)<br />
Dragan Jovanović (bubanj)</p>
<p>Tokom protekle dve decenije, IQV &#8211; EKV tribute bend na svojim koncertima imao je priliku da nastupa i sarađuje s bivšim članovima EKV, Markom Milivojevićem, Ivanom Feceom Firčijem i Tanjom Jovićević, kao i s drugim vanserijskim, etabliranim muzičarima poput Vasila Hadžimanova, Mite Jovančića (Block Out) i Dade Topića.</p>
<p>Uz redovne klupske koncerte, bend je učestvovao na svim većim regionalnim muzičkim festivalima, na promocijama knjiga o članovima EKV i tribinama posvećenim radu i stvaralaštvu ove grupe.</p>
<p>Najveću potvrdu ovom sastavu, ipak, dala je publika, privržena pesmama Ekatarine Velike, koja je nepodeljeno prihvatila IQV &#8211; EKV tribute bend i iz koncerta u koncert, iz godine u godinu, iz grada u grad – svojim stalnim prisustvom na nebrojenim nastupima pružala članovima benda podršku i neophodan podsticaj.<br />
Na tome su im članovi benda nemerljivo zahvalni.</p>
<p>&nbsp;</p>
<p>&nbsp;</p>

<p>IQV -EKV rtibute band je nastal leta 2001. Od takrat nastopajo v vseh državah bivše Jugoslavije in igrajo izključno skladbe EKV. Bend sestavljajo : Bojan Pejčić (glas) Mario Dimitrijević (kitara) Ivan Živanović (klavijature) Nenad Vukelić (bas) Dragan Jovanović (bobni) &nbsp; &nbsp; IQV &#8211; EKV tribute band nastao je 2001. godine. Od tada, dvadeset godina postoji [&hellip;]</p>
