{"id":53009,"date":"2023-11-22T16:40:00","date_gmt":"2023-11-22T15:40:00","guid":{"rendered":"https:\/\/www.orto-bar.com\/?post_type=product&#038;p=53009"},"modified":"2023-11-28T20:07:56","modified_gmt":"2023-11-28T19:07:56","slug":"butli","status":"publish","type":"product","link":"https:\/\/www.orto-bar.com\/en\/dogodki\/arhiv\/butli\/","title":{"rendered":"B\u00fcTLI"},"content":{"rendered":"<p>B\u00fcTLI so ljubljanski punk kvintet, za\u010detki benda segajo v leto 2009, ko so imeli svoj sede\u017e v Ljubljani, v Time Art Caffeju v \u017dupani\u010devi jami, vaje pa na Kodeljevem, v zibelki yu-punka. Takrat je skupina, poleg nekaj svojih komadov, igrala tudi priredbe nekaterih doma\u010dih in tujih punk in r\u2019n\u2019r bendov.<\/p>\n<p>&nbsp;<\/p>\n<p>Peterica je v letu 2015 posnela prvenec z naslovom TimeArt, ki je obele\u017eil \u0161esto obletnico benda. Doslej so koncertirali po Sloveniji, na Hrva\u0161kem in v Srbiji. S priredbo skladbe Zlobne babice \u017erejo dojen\u010dke, so sodelovali na albumu Pridigarji XXV &#8211; Tribute to Pridigarji.<\/p>\n<p>&nbsp;<\/p>\n<p>V marcu naslednje leto, slavijo B\u00fcTLI 15. let svojega obstoja. Vzdu\u0161je v bendu in energija je odli\u010dna, zato je padla odlo\u010ditev, da se v doma\u010di Ljubljani, v silvestrskem, veselem decembru, v Orto Baru odvije PREDPREMIERA 15.OBLETNICE.<\/p>\n<p>&nbsp;<\/p>\n<p>Poleg pesmi iz izdanega albuma Time Art, bodo na koncertu predstavili tudi nove pesmi, ki so nastale v tem vmesnem obdobju.<\/p>\n<p>Vsi komadi so seveda \u0161e vedno mo\u010dno pre\u017eeti z dru\u017ebeno-kriti\u010dnimi besedili, ki jih pi\u0161e kitarist in pesnik Grega Rode.<\/p>\n<p>&nbsp;<\/p>\n<p>Zasedba benda:<\/p>\n<p>Andreja Rajh (glavni vokal)<\/p>\n<p>Mario Pavli\u0107 (kitara, spremljajo\u010di vokal)<\/p>\n<p>Grega Rode (kitara, besedila)<\/p>\n<p>Marijan Sajovic (bas kitara, spremljajo\u010di vokal)<\/p>\n<p>Jo\u017ee Habula (bobni)<\/p>\n<p>&nbsp;<\/p>\n<p>Ve\u010d o bendu:<\/p>\n<p><a href=\"https:\/\/www.youtube.com\/watch?v=2AXZJalUH6M\">B\u00fcTLI \u2013 Ujetniki svobode (Offical Mucic Video)<\/a><\/p>\n<p><a href=\"https:\/\/www.youtube.com\/watch?v=Ew3bNMRE2as\">B\u00fcTLI \u2013 Jan\u0161a je danas pojeo \u010dufte<\/a><\/p>\n<p><a href=\"https:\/\/www.youtube.com\/watch?v=9p6WiwqZPpo\">B\u00fcTLI \u2013 Sistem ubija<\/a><\/p>\n<p>Facebook: <a href=\"https:\/\/www.facebook.com\/butliljubljana\/about\">https:\/\/www.facebook.com\/butliljubljana\/about<\/a><\/p>\n<p>Album: <a href=\"https:\/\/www.reverbnation.com\/B%C3%9CTLI\/songs?fbclid=IwAR3yz7WammK0AvByhuInbC_uazkC-jUTVcxxFcnymIQkXBNroD7yMAO3O90\">TimeArt<\/a><\/p>\n<p>You tube: <a href=\"https:\/\/www.youtube.com\/watch?v=ch749qTeH0Y&amp;t=122s\">https:\/\/www.youtube.com\/watch?v=ch749qTeH0Y&amp;t=122s<\/a><\/p>\n<p>&nbsp;<\/p>\n<p>Gosti: Ljubljanski Toxic Rats<\/p>\n<p>Facebook: <a href=\"https:\/\/www.facebook.com\/profile.php?id=100063678757843\">https:\/\/www.facebook.com\/profile.php?id=100063678757843<\/a><\/p>\n<p>You tube:<a href=\"https:\/\/www.youtube.com\/watch?v=nrOVDuQhWGw\"> https:\/\/www.youtube.com\/watch?v=nrOVDuQhWGw<\/a><\/p>","protected":false},"excerpt":{"rendered":"<p>B\u00fcTLI so ljubljanski punk kvintet, za\u010detki benda segajo v leto 2009, ko so imeli svoj sede\u017e v Ljubljani, v Time Art Caffeju v \u017dupani\u010devi jami, vaje pa na Kodeljevem, v zibelki yu-punka. Takrat je skupina, poleg nekaj svojih komadov, igrala tudi priredbe nekaterih doma\u010dih in tujih punk in r\u2019n\u2019r bendov. &nbsp; Peterica je v letu [&hellip;]<\/p>","protected":false},"author":11,"featured_media":53010,"template":"","meta":{"_seopress_robots_primary_cat":"none","_seopress_titles_title":"","_seopress_titles_desc":"","_seopress_robots_index":""},"product_brand":[],"product_cat":[230],"product_tag":[222],"class_list":{"0":"post-53009","1":"product","2":"type-product","3":"status-publish","4":"has-post-thumbnail","6":"product_cat-arhiv","7":"product_tag-predprodaja","9":"entry","10":"has-media","12":"first","13":"instock","14":"virtual","15":"taxable","16":"product-type-simple","17":"has-product-nav","18":"col","19":"span_1_of_4","20":"owp-content-center","21":"item-entry","22":"owp-thumbs-layout-horizontal","23":"owp-btn-normal","24":"owp-tabs-layout-section","25":"has-no-thumbnails"},"publishpress_future_action":{"enabled":false,"date":"2026-05-09 10:05:51","action":"change-status","newStatus":"draft","terms":[],"taxonomy":"product_cat","extraData":[]},"publishpress_future_workflow_manual_trigger":{"enabledWorkflows":[]},"_links":{"self":[{"href":"https:\/\/www.orto-bar.com\/en\/wp-json\/wp\/v2\/product\/53009","targetHints":{"allow":["GET"]}}],"collection":[{"href":"https:\/\/www.orto-bar.com\/en\/wp-json\/wp\/v2\/product"}],"about":[{"href":"https:\/\/www.orto-bar.com\/en\/wp-json\/wp\/v2\/types\/product"}],"author":[{"embeddable":true,"href":"https:\/\/www.orto-bar.com\/en\/wp-json\/wp\/v2\/users\/11"}],"version-history":[{"count":0,"href":"https:\/\/www.orto-bar.com\/en\/wp-json\/wp\/v2\/product\/53009\/revisions"}],"wp:featuredmedia":[{"embeddable":true,"href":"https:\/\/www.orto-bar.com\/en\/wp-json\/wp\/v2\/media\/53010"}],"wp:attachment":[{"href":"https:\/\/www.orto-bar.com\/en\/wp-json\/wp\/v2\/media?parent=53009"}],"wp:term":[{"taxonomy":"product_brand","embeddable":true,"href":"https:\/\/www.orto-bar.com\/en\/wp-json\/wp\/v2\/product_brand?post=53009"},{"taxonomy":"product_cat","embeddable":true,"href":"https:\/\/www.orto-bar.com\/en\/wp-json\/wp\/v2\/product_cat?post=53009"},{"taxonomy":"product_tag","embeddable":true,"href":"https:\/\/www.orto-bar.com\/en\/wp-json\/wp\/v2\/product_tag?post=53009"}],"curies":[{"name":"wp","href":"https:\/\/api.w.org\/{rel}","templated":true}]}}

BüTLI

<p>BüTLI so ljubljanski punk kvintet, začetki benda segajo v leto 2009, ko so imeli svoj sedež v Ljubljani, v Time Art Caffeju v Županičevi jami, vaje pa na Kodeljevem, v zibelki yu-punka. Takrat je skupina, poleg nekaj svojih komadov, igrala tudi priredbe nekaterih domačih in tujih punk in r’n’r bendov.</p>
<p>&nbsp;</p>
<p>Peterica je v letu 2015 posnela prvenec z naslovom TimeArt, ki je obeležil šesto obletnico benda. Doslej so koncertirali po Sloveniji, na Hrvaškem in v Srbiji. S priredbo skladbe Zlobne babice žrejo dojenčke, so sodelovali na albumu Pridigarji XXV &#8211; Tribute to Pridigarji.</p>
<p>&nbsp;</p>
<p>V marcu naslednje leto, slavijo BüTLI 15. let svojega obstoja. Vzdušje v bendu in energija je odlična, zato je padla odločitev, da se v domači Ljubljani, v silvestrskem, veselem decembru, v Orto Baru odvije PREDPREMIERA 15.OBLETNICE.</p>
<p>&nbsp;</p>
<p>Poleg pesmi iz izdanega albuma Time Art, bodo na koncertu predstavili tudi nove pesmi, ki so nastale v tem vmesnem obdobju.</p>
<p>Vsi komadi so seveda še vedno močno prežeti z družbeno-kritičnimi besedili, ki jih piše kitarist in pesnik Grega Rode.</p>
<p>&nbsp;</p>
<p>Zasedba benda:</p>
<p>Andreja Rajh (glavni vokal)</p>
<p>Mario Pavlić (kitara, spremljajoči vokal)</p>
<p>Grega Rode (kitara, besedila)</p>
<p>Marijan Sajovic (bas kitara, spremljajoči vokal)</p>
<p>Jože Habula (bobni)</p>
<p>&nbsp;</p>
<p>Več o bendu:</p>
<p><a href="https://www.youtube.com/watch?v=2AXZJalUH6M">BüTLI – Ujetniki svobode (Offical Mucic Video)</a></p>
<p><a href="https://www.youtube.com/watch?v=Ew3bNMRE2as">BüTLI – Janša je danas pojeo čufte</a></p>
<p><a href="https://www.youtube.com/watch?v=9p6WiwqZPpo">BüTLI – Sistem ubija</a></p>
<p>Facebook: <a href="https://www.facebook.com/butliljubljana/about">https://www.facebook.com/butliljubljana/about</a></p>
<p>Album: <a href="https://www.reverbnation.com/B%C3%9CTLI/songs?fbclid=IwAR3yz7WammK0AvByhuInbC_uazkC-jUTVcxxFcnymIQkXBNroD7yMAO3O90">TimeArt</a></p>
<p>You tube: <a href="https://www.youtube.com/watch?v=ch749qTeH0Y&amp;t=122s">https://www.youtube.com/watch?v=ch749qTeH0Y&amp;t=122s</a></p>
<p>&nbsp;</p>
<p>Gosti: Ljubljanski Toxic Rats</p>
<p>Facebook: <a href="https://www.facebook.com/profile.php?id=100063678757843">https://www.facebook.com/profile.php?id=100063678757843</a></p>
<p>You tube:<a href="https://www.youtube.com/watch?v=nrOVDuQhWGw"> https://www.youtube.com/watch?v=nrOVDuQhWGw</a></p>

<p>BüTLI so ljubljanski punk kvintet, začetki benda segajo v leto 2009, ko so imeli svoj sedež v Ljubljani, v Time Art Caffeju v Županičevi jami, vaje pa na Kodeljevem, v zibelki yu-punka. Takrat je skupina, poleg nekaj svojih komadov, igrala tudi priredbe nekaterih domačih in tujih punk in r’n’r bendov. &nbsp; Peterica je v letu [&hellip;]</p>
