{"id":56082,"date":"2023-12-28T14:01:07","date_gmt":"2023-12-28T13:01:07","guid":{"rendered":"https:\/\/www.orto-bar.com\/?post_type=product&#038;p=56082"},"modified":"2024-01-09T13:10:40","modified_gmt":"2024-01-09T12:10:40","slug":"kronika","status":"publish","type":"product","link":"https:\/\/www.orto-bar.com\/en\/dogodki\/arhiv\/kronika\/","title":{"rendered":"Kronika"},"content":{"rendered":"<div class=\"x11i5rnm xat24cr x1mh8g0r x1vvkbs xtlvy1s\">Bend Kronika prihaja iz Frankolovega in svojo zgodbo preigrava \u017ee od leta 2006. V tem \u010dasu so posneli dva studijska albuma. Leta 2012 je lu\u010d sveta ogledal prvenec V napa\u010dnem letu, tri leta kasneje pa je sledil plo\u0161\u010dek Prepovedani sadovi. Zadnja leta so se posve\u010dali ustvarjanju nove glasbe. Po kraj\u0161em koncertnem premoru, se fantje vra\u010dajo na odre, kjer bodo preigravali \u017ee poznane avtorske pesmi in predstavili tudi nove komade.<\/div>\n<div class=\"x11i5rnm xat24cr x1mh8g0r x1vvkbs xtlvy1s\">Se vidimo!<\/div>\n<div class=\"x11i5rnm xat24cr x1mh8g0r x1vvkbs xtlvy1s\">VRATA: 19:00<br \/>\n\u0160TART: 20:00<\/div>\n<div class=\"x11i5rnm xat24cr x1mh8g0r x1vvkbs xtlvy1s\">VSTOPNINA: 7\u20ac<\/div>\n<div class=\"x11i5rnm xat24cr x1mh8g0r x1vvkbs xtlvy1s\">Linki:<br \/>\n<a class=\"x1i10hfl xjbqb8w x6umtig x1b1mbwd xaqea5y xav7gou x9f619 x1ypdohk xt0psk2 xe8uvvx xdj266r x11i5rnm xat24cr x1mh8g0r xexx8yu x4uap5 x18d9i69 xkhd6sd x16tdsg8 x1hl2dhg xggy1nq x1a2a7pz xt0b8zv xzsf02u x1s688f\" tabindex=\"0\" role=\"link\" href=\"https:\/\/www.facebook.com\/kronikaband?__cft__[0]=AZWOJEHGw4NPlOatjjqIkYRMiQ2I-ceW8LKyw6dY28Q3yWri3Vs00dMmf3HeIPs3Z3yJO2vq5vOSUkcng1fz__hbidB5dTxqDuAs1uMCGQP_s3g9yx4gCB7Legwdl_3K7BQ&amp;__tn__=q\"><span class=\"xt0psk2\">https:\/\/www.facebook.com\/kronikaband\/<\/span><\/a><br \/>\n<a class=\"x1i10hfl xjbqb8w x6umtig x1b1mbwd xaqea5y xav7gou x9f619 x1ypdohk xt0psk2 xe8uvvx xdj266r x11i5rnm xat24cr x1mh8g0r xexx8yu x4uap5 x18d9i69 xkhd6sd x16tdsg8 x1hl2dhg xggy1nq x1a2a7pz xt0b8zv x1fey0fg\" tabindex=\"0\" role=\"link\" href=\"https:\/\/www.youtube.com\/watch?v=bHAs3CMnT14&amp;fbclid=IwAR3BBzg20reCej3jLmyeaNBS-zLnhPL-8U9j6aghgn1H0JEBIGC9ZH9g-38\" target=\"_blank\" rel=\"nofollow noopener noreferrer\">https:\/\/www.youtube.com\/watch?v=bHAs3CMnT14<\/a><br \/>\n<a class=\"x1i10hfl xjbqb8w x6umtig x1b1mbwd xaqea5y xav7gou x9f619 x1ypdohk xt0psk2 xe8uvvx xdj266r x11i5rnm xat24cr x1mh8g0r xexx8yu x4uap5 x18d9i69 xkhd6sd x16tdsg8 x1hl2dhg xggy1nq x1a2a7pz xt0b8zv x1fey0fg\" tabindex=\"0\" role=\"link\" href=\"https:\/\/www.youtube.com\/watch?v=sOtr_ovpXAU&amp;fbclid=IwAR0gxZAdljVyy20FNanEHdsRvf9eJfy7ynFkaPZUCqJ4rz2vSe1saOj_TlA\" target=\"_blank\" rel=\"nofollow noopener noreferrer\">https:\/\/www.youtube.com\/watch?v=sOtr_ovpXAU<\/a><br \/>\n<a class=\"x1i10hfl xjbqb8w x6umtig x1b1mbwd xaqea5y xav7gou x9f619 x1ypdohk xt0psk2 xe8uvvx xdj266r x11i5rnm xat24cr x1mh8g0r xexx8yu x4uap5 x18d9i69 xkhd6sd x16tdsg8 x1hl2dhg xggy1nq x1a2a7pz xt0b8zv x1fey0fg\" tabindex=\"0\" role=\"link\" href=\"https:\/\/www.youtube.com\/watch?v=rGfSaiOo-lE&amp;fbclid=IwAR0ycfo8LfWCApkwE4ZAelqynNpuY9NbM7rf8GX5nZO0HaEOi_u2YqNXdVA\" target=\"_blank\" rel=\"nofollow noopener noreferrer\">https:\/\/www.youtube.com\/watch?v=rGfSaiOo-lE<\/a><br \/>\n<a class=\"x1i10hfl xjbqb8w x6umtig x1b1mbwd xaqea5y xav7gou x9f619 x1ypdohk xt0psk2 xe8uvvx xdj266r x11i5rnm xat24cr x1mh8g0r xexx8yu x4uap5 x18d9i69 xkhd6sd x16tdsg8 x1hl2dhg xggy1nq x1a2a7pz xt0b8zv x1fey0fg\" tabindex=\"0\" role=\"link\" href=\"https:\/\/www.youtube.com\/watch?v=UryAuxFVniM&amp;fbclid=IwAR1tsB8F6si0eH1j0VjUEDYI4MgmfiJypACES3qw8TKELIDHh1Dlr5Gh708\" target=\"_blank\" rel=\"nofollow noopener noreferrer\">https:\/\/www.youtube.com\/watch?v=UryAuxFVniM<\/a><\/div>\n<p><a href=\"https:\/\/www.youtube.com\/watch?v=iB4Hjuiju-A\">https:\/\/www.youtube.com\/watch?v=iB4Hjuiju-A<\/a><\/p>\n<p>&nbsp;<\/p>\n<p><strong>Vstopnina na dan dogodka 7\u20ac<\/strong><\/p>","protected":false},"excerpt":{"rendered":"<p>Bend Kronika prihaja iz Frankolovega in svojo zgodbo preigrava \u017ee od leta 2006. V tem \u010dasu so posneli dva studijska albuma. Leta 2012 je lu\u010d sveta ogledal prvenec V napa\u010dnem letu, tri leta kasneje pa je sledil plo\u0161\u010dek Prepovedani sadovi. Zadnja leta so se posve\u010dali ustvarjanju nove glasbe. Po kraj\u0161em koncertnem premoru, se fantje vra\u010dajo [&hellip;]<\/p>","protected":false},"author":11,"featured_media":56595,"template":"","meta":{"_seopress_robots_primary_cat":"none","_seopress_titles_title":"","_seopress_titles_desc":"","_seopress_robots_index":""},"product_brand":[],"product_cat":[230],"product_tag":[222],"class_list":{"0":"post-56082","1":"product","2":"type-product","3":"status-publish","4":"has-post-thumbnail","6":"product_cat-arhiv","7":"product_tag-predprodaja","9":"entry","10":"has-media","12":"first","13":"instock","14":"virtual","15":"taxable","16":"product-type-simple","17":"has-product-nav","18":"col","19":"span_1_of_4","20":"owp-content-center","21":"item-entry","22":"owp-thumbs-layout-horizontal","23":"owp-btn-normal","24":"owp-tabs-layout-section","25":"has-no-thumbnails"},"publishpress_future_action":{"enabled":false,"date":"2026-05-09 12:44:45","action":"change-status","newStatus":"draft","terms":[],"taxonomy":"product_cat","extraData":[]},"publishpress_future_workflow_manual_trigger":{"enabledWorkflows":[]},"_links":{"self":[{"href":"https:\/\/www.orto-bar.com\/en\/wp-json\/wp\/v2\/product\/56082","targetHints":{"allow":["GET"]}}],"collection":[{"href":"https:\/\/www.orto-bar.com\/en\/wp-json\/wp\/v2\/product"}],"about":[{"href":"https:\/\/www.orto-bar.com\/en\/wp-json\/wp\/v2\/types\/product"}],"author":[{"embeddable":true,"href":"https:\/\/www.orto-bar.com\/en\/wp-json\/wp\/v2\/users\/11"}],"version-history":[{"count":0,"href":"https:\/\/www.orto-bar.com\/en\/wp-json\/wp\/v2\/product\/56082\/revisions"}],"wp:featuredmedia":[{"embeddable":true,"href":"https:\/\/www.orto-bar.com\/en\/wp-json\/wp\/v2\/media\/56595"}],"wp:attachment":[{"href":"https:\/\/www.orto-bar.com\/en\/wp-json\/wp\/v2\/media?parent=56082"}],"wp:term":[{"taxonomy":"product_brand","embeddable":true,"href":"https:\/\/www.orto-bar.com\/en\/wp-json\/wp\/v2\/product_brand?post=56082"},{"taxonomy":"product_cat","embeddable":true,"href":"https:\/\/www.orto-bar.com\/en\/wp-json\/wp\/v2\/product_cat?post=56082"},{"taxonomy":"product_tag","embeddable":true,"href":"https:\/\/www.orto-bar.com\/en\/wp-json\/wp\/v2\/product_tag?post=56082"}],"curies":[{"name":"wp","href":"https:\/\/api.w.org\/{rel}","templated":true}]}}

<div class="x11i5rnm xat24cr x1mh8g0r x1vvkbs xtlvy1s">Bend Kronika prihaja iz Frankolovega in svojo zgodbo preigrava že od leta 2006. V tem času so posneli dva studijska albuma. Leta 2012 je luč sveta ogledal prvenec V napačnem letu, tri leta kasneje pa je sledil plošček Prepovedani sadovi. Zadnja leta so se posvečali ustvarjanju nove glasbe. Po krajšem koncertnem premoru, se fantje vračajo na odre, kjer bodo preigravali že poznane avtorske pesmi in predstavili tudi nove komade.</div>
<div class="x11i5rnm xat24cr x1mh8g0r x1vvkbs xtlvy1s">Se vidimo!</div>
<div class="x11i5rnm xat24cr x1mh8g0r x1vvkbs xtlvy1s">VRATA: 19:00<br />
ŠTART: 20:00</div>
<div class="x11i5rnm xat24cr x1mh8g0r x1vvkbs xtlvy1s">VSTOPNINA: 7€</div>
<div class="x11i5rnm xat24cr x1mh8g0r x1vvkbs xtlvy1s">Linki:<br />
<a class="x1i10hfl xjbqb8w x6umtig x1b1mbwd xaqea5y xav7gou x9f619 x1ypdohk xt0psk2 xe8uvvx xdj266r x11i5rnm xat24cr x1mh8g0r xexx8yu x4uap5 x18d9i69 xkhd6sd x16tdsg8 x1hl2dhg xggy1nq x1a2a7pz xt0b8zv xzsf02u x1s688f" tabindex="0" role="link" href="https://www.facebook.com/kronikaband?__cft__[0]=AZWOJEHGw4NPlOatjjqIkYRMiQ2I-ceW8LKyw6dY28Q3yWri3Vs00dMmf3HeIPs3Z3yJO2vq5vOSUkcng1fz__hbidB5dTxqDuAs1uMCGQP_s3g9yx4gCB7Legwdl_3K7BQ&amp;__tn__=q"><span class="xt0psk2">https://www.facebook.com/kronikaband/</span></a><br />
<a class="x1i10hfl xjbqb8w x6umtig x1b1mbwd xaqea5y xav7gou x9f619 x1ypdohk xt0psk2 xe8uvvx xdj266r x11i5rnm xat24cr x1mh8g0r xexx8yu x4uap5 x18d9i69 xkhd6sd x16tdsg8 x1hl2dhg xggy1nq x1a2a7pz xt0b8zv x1fey0fg" tabindex="0" role="link" href="https://www.youtube.com/watch?v=bHAs3CMnT14&amp;fbclid=IwAR3BBzg20reCej3jLmyeaNBS-zLnhPL-8U9j6aghgn1H0JEBIGC9ZH9g-38" target="_blank" rel="nofollow noopener noreferrer">https://www.youtube.com/watch?v=bHAs3CMnT14</a><br />
<a class="x1i10hfl xjbqb8w x6umtig x1b1mbwd xaqea5y xav7gou x9f619 x1ypdohk xt0psk2 xe8uvvx xdj266r x11i5rnm xat24cr x1mh8g0r xexx8yu x4uap5 x18d9i69 xkhd6sd x16tdsg8 x1hl2dhg xggy1nq x1a2a7pz xt0b8zv x1fey0fg" tabindex="0" role="link" href="https://www.youtube.com/watch?v=sOtr_ovpXAU&amp;fbclid=IwAR0gxZAdljVyy20FNanEHdsRvf9eJfy7ynFkaPZUCqJ4rz2vSe1saOj_TlA" target="_blank" rel="nofollow noopener noreferrer">https://www.youtube.com/watch?v=sOtr_ovpXAU</a><br />
<a class="x1i10hfl xjbqb8w x6umtig x1b1mbwd xaqea5y xav7gou x9f619 x1ypdohk xt0psk2 xe8uvvx xdj266r x11i5rnm xat24cr x1mh8g0r xexx8yu x4uap5 x18d9i69 xkhd6sd x16tdsg8 x1hl2dhg xggy1nq x1a2a7pz xt0b8zv x1fey0fg" tabindex="0" role="link" href="https://www.youtube.com/watch?v=rGfSaiOo-lE&amp;fbclid=IwAR0ycfo8LfWCApkwE4ZAelqynNpuY9NbM7rf8GX5nZO0HaEOi_u2YqNXdVA" target="_blank" rel="nofollow noopener noreferrer">https://www.youtube.com/watch?v=rGfSaiOo-lE</a><br />
<a class="x1i10hfl xjbqb8w x6umtig x1b1mbwd xaqea5y xav7gou x9f619 x1ypdohk xt0psk2 xe8uvvx xdj266r x11i5rnm xat24cr x1mh8g0r xexx8yu x4uap5 x18d9i69 xkhd6sd x16tdsg8 x1hl2dhg xggy1nq x1a2a7pz xt0b8zv x1fey0fg" tabindex="0" role="link" href="https://www.youtube.com/watch?v=UryAuxFVniM&amp;fbclid=IwAR1tsB8F6si0eH1j0VjUEDYI4MgmfiJypACES3qw8TKELIDHh1Dlr5Gh708" target="_blank" rel="nofollow noopener noreferrer">https://www.youtube.com/watch?v=UryAuxFVniM</a></div>
<p><a href="https://www.youtube.com/watch?v=iB4Hjuiju-A">https://www.youtube.com/watch?v=iB4Hjuiju-A</a></p>
<p>&nbsp;</p>
<p><strong>Vstopnina na dan dogodka 7€</strong></p>

<p>Bend Kronika prihaja iz Frankolovega in svojo zgodbo preigrava že od leta 2006. V tem času so posneli dva studijska albuma. Leta 2012 je luč sveta ogledal prvenec V napačnem letu, tri leta kasneje pa je sledil plošček Prepovedani sadovi. Zadnja leta so se posvečali ustvarjanju nove glasbe. Po krajšem koncertnem premoru, se fantje vračajo [&hellip;]</p>
